CRAN Package Check Results for Package SurvMI

Last updated on 2022-09-30 18:51:54 CEST.

Flavor Version Tinstall Tcheck Ttotal Status Flags
r-devel-linux-x86_64-debian-clang 0.1.0 6.64 101.31 107.95 NOTE
r-devel-linux-x86_64-debian-gcc 0.1.0 8.11 75.19 83.30 NOTE
r-devel-linux-x86_64-fedora-clang 0.1.0 153.67 NOTE
r-devel-linux-x86_64-fedora-gcc 0.1.0 147.33 NOTE
r-devel-windows-x86_64 0.1.0 12.00 121.00 133.00 NOTE
r-patched-linux-x86_64 0.1.0 6.42 101.56 107.98 NOTE
r-release-linux-x86_64 0.1.0 7.58 99.84 107.42 NOTE
r-release-macos-arm64 0.1.0 36.00 NOTE
r-release-macos-x86_64 0.1.0 53.00 NOTE
r-release-windows-x86_64 0.1.0 18.00 122.00 140.00 NOTE
r-oldrel-macos-arm64 0.1.0 41.00 NOTE
r-oldrel-macos-x86_64 0.1.0 74.00 NOTE
r-oldrel-windows-ix86+x86_64 0.1.0 18.00 122.00 140.00 NOTE

Check Details

Version: 0.1.0
Check: LazyData
Result: NOTE
     'LazyData' is specified without a 'data' directory
Flavors: r-devel-linux-x86_64-debian-clang, r-devel-linux-x86_64-debian-gcc, r-devel-linux-x86_64-fedora-clang, r-devel-linux-x86_64-fedora-gcc, r-devel-windows-x86_64, r-patched-linux-x86_64, r-release-linux-x86_64, r-release-macos-arm64, r-release-macos-x86_64, r-release-windows-x86_64, r-oldrel-macos-arm64, r-oldrel-macos-x86_64, r-oldrel-windows-ix86+x86_64

Version: 0.1.0
Check: dependencies in R code
Result: NOTE
    Namespace in Imports field not imported from: ‘base’
     All declared Imports should be used.
Flavors: r-devel-linux-x86_64-fedora-clang, r-devel-linux-x86_64-fedora-gcc, r-release-macos-arm64, r-release-macos-x86_64, r-oldrel-macos-arm64, r-oldrel-macos-x86_64