Last updated on 2022-05-17 03:55:15 CEST.
Flavor | Version | Tinstall | Tcheck | Ttotal | Status | Flags |
---|---|---|---|---|---|---|
r-devel-linux-x86_64-debian-clang | 0.1.0 | 9.97 | 112.06 | 122.03 | NOTE | |
r-devel-linux-x86_64-debian-gcc | 0.1.0 | 7.74 | 80.49 | 88.23 | NOTE | |
r-devel-linux-x86_64-fedora-clang | 0.1.0 | 141.28 | NOTE | |||
r-devel-linux-x86_64-fedora-gcc | 0.1.0 | 135.71 | NOTE | |||
r-devel-windows-x86_64 | 0.1.0 | 16.00 | 118.00 | 134.00 | NOTE | |
r-patched-linux-x86_64 | 0.1.0 | 7.12 | 105.30 | 112.42 | NOTE | |
r-release-linux-x86_64 | 0.1.0 | 7.80 | 103.76 | 111.56 | NOTE | |
r-release-macos-arm64 | 0.1.0 | 36.00 | NOTE | |||
r-release-macos-x86_64 | 0.1.0 | 53.00 | NOTE | |||
r-release-windows-x86_64 | 0.1.0 | 21.00 | 116.00 | 137.00 | NOTE | |
r-oldrel-macos-arm64 | 0.1.0 | 41.00 | NOTE | |||
r-oldrel-macos-x86_64 | 0.1.0 | 74.00 | NOTE | |||
r-oldrel-windows-ix86+x86_64 | 0.1.0 | 19.00 | 116.00 | 135.00 | NOTE |
Version: 0.1.0
Check: LazyData
Result: NOTE
'LazyData' is specified without a 'data' directory
Flavors: r-devel-linux-x86_64-debian-clang, r-devel-linux-x86_64-debian-gcc, r-devel-linux-x86_64-fedora-clang, r-devel-linux-x86_64-fedora-gcc, r-devel-windows-x86_64, r-patched-linux-x86_64, r-release-linux-x86_64, r-release-macos-arm64, r-release-macos-x86_64, r-release-windows-x86_64, r-oldrel-macos-arm64, r-oldrel-macos-x86_64, r-oldrel-windows-ix86+x86_64
Version: 0.1.0
Check: dependencies in R code
Result: NOTE
Namespace in Imports field not imported from: ‘base’
All declared Imports should be used.
Flavors: r-devel-linux-x86_64-fedora-clang, r-devel-linux-x86_64-fedora-gcc, r-release-macos-arm64, r-release-macos-x86_64, r-oldrel-macos-arm64, r-oldrel-macos-x86_64