CRAN Package Check Results for Package SurvMI

Last updated on 2021-12-03 14:52:38 CET.

Flavor Version Tinstall Tcheck Ttotal Status Flags
r-devel-linux-x86_64-debian-clang 0.1.0 8.52 94.46 102.98 NOTE
r-devel-linux-x86_64-debian-gcc 0.1.0 5.32 70.23 75.55 NOTE
r-devel-linux-x86_64-fedora-clang 0.1.0 136.26 NOTE
r-devel-linux-x86_64-fedora-gcc 0.1.0 122.53 NOTE
r-devel-windows-x86_64-new-UL 0.1.0 15.00 127.00 142.00 NOTE
r-devel-windows-x86_64-new-TK 0.1.0 NOTE
r-devel-windows-x86_64-old 0.1.0 13.00 92.00 105.00 NOTE
r-patched-linux-x86_64 0.1.0 8.19 91.26 99.45 NOTE
r-release-linux-x86_64 0.1.0 8.14 91.87 100.01 NOTE
r-release-macos-arm64 0.1.0 NOTE
r-release-macos-x86_64 0.1.0 NOTE
r-release-windows-ix86+x86_64 0.1.0 17.00 112.00 129.00 NOTE
r-oldrel-macos-x86_64 0.1.0 NOTE
r-oldrel-windows-ix86+x86_64 0.1.0 18.00 114.00 132.00 OK

Check Details

Version: 0.1.0
Check: LazyData
Result: NOTE
     'LazyData' is specified without a 'data' directory
Flavors: r-devel-linux-x86_64-debian-clang, r-devel-linux-x86_64-debian-gcc, r-devel-linux-x86_64-fedora-clang, r-devel-linux-x86_64-fedora-gcc, r-devel-windows-x86_64-new-UL, r-devel-windows-x86_64-new-TK, r-devel-windows-x86_64-old, r-patched-linux-x86_64, r-release-linux-x86_64, r-release-macos-arm64, r-release-macos-x86_64, r-release-windows-ix86+x86_64

Version: 0.1.0
Check: dependencies in R code
Result: NOTE
    Namespace in Imports field not imported from: ‘base’
     All declared Imports should be used.
Flavors: r-devel-linux-x86_64-fedora-clang, r-devel-linux-x86_64-fedora-gcc, r-devel-windows-x86_64-new-TK, r-release-macos-arm64, r-release-macos-x86_64, r-oldrel-macos-x86_64