CRAN Package Check Results for Package SurvRegCensCov

Last updated on 2020-10-01 04:49:19 CEST.

Flavor Version Tinstall Tcheck Ttotal Status Flags
r-devel-linux-x86_64-debian-clang 1.4 7.99 71.25 79.24 OK
r-devel-linux-x86_64-debian-gcc 1.4 0.35 2.04 2.39 ERROR
r-devel-linux-x86_64-fedora-clang 1.4 105.48 OK
r-devel-linux-x86_64-fedora-gcc 1.4 95.32 OK
r-devel-windows-ix86+x86_64 1.4 17.00 100.00 117.00 OK
r-patched-linux-x86_64 1.4 8.20 67.79 75.99 OK
r-patched-solaris-x86 1.4 140.30 OK
r-release-linux-x86_64 1.4 8.45 67.62 76.07 OK
r-release-macos-x86_64 1.4 OK
r-release-windows-ix86+x86_64 1.4 18.00 91.00 109.00 OK
r-oldrel-macos-x86_64 1.4 OK
r-oldrel-windows-ix86+x86_64 1.4 16.00 102.00 118.00 OK

Check Details

Version: 1.4
Check: whether package can be installed
Result: ERROR
    Installation failed.
Flavor: r-devel-linux-x86_64-debian-gcc