CRAN Package Check Results for Package SvyNom

Last updated on 2019-08-24 06:47:32 CEST.

Flavor Version Tinstall Tcheck Ttotal Status Flags
r-devel-linux-x86_64-debian-clang 1.1 10.33 97.20 107.53 NOTE
r-devel-linux-x86_64-debian-gcc 1.1 8.64 76.35 84.99 NOTE
r-devel-linux-x86_64-fedora-clang 1.1 124.92 NOTE
r-devel-linux-x86_64-fedora-gcc 1.1 125.47 NOTE
r-devel-windows-ix86+x86_64 1.1 25.00 98.00 123.00 NOTE
r-patched-linux-x86_64 1.1 8.95 93.10 102.05 NOTE
r-patched-solaris-x86 1.1 203.40 NOTE
r-release-linux-x86_64 1.1 9.71 94.37 104.08 NOTE
r-release-windows-ix86+x86_64 1.1 50.00 166.00 216.00 NOTE
r-release-osx-x86_64 1.1 NOTE
r-oldrel-windows-ix86+x86_64 1.1 19.00 139.00 158.00 NOTE
r-oldrel-osx-x86_64 1.1 NOTE

Check Details

Version: 1.1
Check: R code for possible problems
Result: NOTE
    svycox.calibrate: no visible global function definition for 'quantile'
    svycox.calibrate: no visible binding for global variable 'median'
    svycox.calibrate: no visible global function definition for
     'as.formula'
    svycox.calibrate: no visible global function definition for 'plot'
    svycox.calibrate: no visible global function definition for 'arrows'
    svycox.calibrate: no visible global function definition for 'abline'
    svycox.nomogram: no visible global function definition for 'predict'
    svycox.nomogram: no visible global function definition for 'as.formula'
    svycox.validate : internal.validate.func: no visible global function
     definition for 'as.formula'
    svycox.validate : internal.validate.func: no visible global function
     definition for 'formula'
    Undefined global functions or variables:
     abline arrows as.formula formula median plot predict quantile
    Consider adding
     importFrom("graphics", "abline", "arrows", "plot")
     importFrom("stats", "as.formula", "formula", "median", "predict",
     "quantile")
    to your NAMESPACE file.
Flavors: r-devel-linux-x86_64-debian-clang, r-devel-linux-x86_64-debian-gcc, r-devel-linux-x86_64-fedora-clang, r-devel-linux-x86_64-fedora-gcc, r-devel-windows-ix86+x86_64, r-patched-linux-x86_64, r-patched-solaris-x86, r-release-linux-x86_64, r-release-windows-ix86+x86_64, r-release-osx-x86_64, r-oldrel-windows-ix86+x86_64, r-oldrel-osx-x86_64