CRAN Package Check Results for Package SwimmeR

Last updated on 2020-01-21 08:48:21 CET.

Flavor Version Tinstall Tcheck Ttotal Status Flags
r-devel-linux-x86_64-debian-clang 0.1.0.0 3.80 35.43 39.23 OK
r-devel-linux-x86_64-debian-gcc 0.1.0.0 3.18 27.65 30.83 OK
r-devel-linux-x86_64-fedora-clang 0.1.0.0 48.01 NOTE
r-devel-linux-x86_64-fedora-gcc 0.1.0.0 46.45 NOTE
r-devel-windows-ix86+x86_64 0.1.0.0 12.00 76.00 88.00 OK
r-devel-windows-ix86+x86_64-gcc8 0.1.0.0 10.00 57.00 67.00 OK
r-patched-linux-x86_64 0.1.0.0 3.58 31.63 35.21 OK
r-patched-solaris-x86 0.1.0.0 67.30 NOTE
r-release-linux-x86_64 0.1.0.0 2.79 31.58 34.37 OK
r-release-windows-ix86+x86_64 0.1.0.0 9.00 64.00 73.00 OK
r-release-osx-x86_64 0.1.0.0 NOTE
r-oldrel-windows-ix86+x86_64 0.1.0.0 4.00 45.00 49.00 OK
r-oldrel-osx-x86_64 0.1.0.0 NOTE

Check Details

Version: 0.1.0.0
Check: dependencies in R code
Result: NOTE
    Namespace in Imports field not imported from: ‘utils’
     All declared Imports should be used.
Flavors: r-devel-linux-x86_64-fedora-clang, r-devel-linux-x86_64-fedora-gcc, r-patched-solaris-x86, r-release-osx-x86_64, r-oldrel-osx-x86_64