CRAN Package Check Results for Package SwimmeR

Last updated on 2019-12-10 18:51:48 CET.

Flavor Version Tinstall Tcheck Ttotal Status Flags
r-devel-linux-x86_64-debian-clang 0.1.0.0 3.89 35.02 38.91 OK
r-devel-linux-x86_64-debian-gcc 0.1.0.0 3.16 27.67 30.83 OK
r-devel-linux-x86_64-fedora-clang 0.1.0.0 48.61 NOTE
r-devel-linux-x86_64-fedora-gcc 0.1.0.0 46.38 NOTE
r-devel-windows-ix86+x86_64 0.1.0.0 9.00 74.00 83.00 OK
r-devel-windows-ix86+x86_64-gcc8 0.1.0.0 11.00 53.00 64.00 OK
r-patched-linux-x86_64 0.1.0.0 3.12 31.76 34.88 OK
r-patched-solaris-x86 0.1.0.0 70.00 NOTE
r-release-linux-x86_64 0.1.0.0 3.35 31.87 35.22 OK
r-release-windows-ix86+x86_64 0.1.0.0 7.00 43.00 50.00 OK
r-release-osx-x86_64 0.1.0.0 NOTE
r-oldrel-windows-ix86+x86_64 0.1.0.0 4.00 45.00 49.00 OK
r-oldrel-osx-x86_64 0.1.0.0 NOTE

Check Details

Version: 0.1.0.0
Check: dependencies in R code
Result: NOTE
    Namespace in Imports field not imported from: ‘utils’
     All declared Imports should be used.
Flavors: r-devel-linux-x86_64-fedora-clang, r-devel-linux-x86_64-fedora-gcc, r-patched-solaris-x86, r-release-osx-x86_64, r-oldrel-osx-x86_64