CRAN Package Check Results for Package SyScSelection

Last updated on 2021-10-25 04:00:30 CEST.

Flavor Version Tinstall Tcheck Ttotal Status Flags
r-devel-linux-x86_64-debian-clang 1.0.2 2.58 26.01 28.59 NOTE
r-devel-linux-x86_64-debian-gcc 1.0.2 2.12 20.59 22.71 NOTE
r-devel-linux-x86_64-fedora-clang 1.0.2 46.00 NOTE
r-devel-linux-x86_64-fedora-gcc 1.0.2 35.64 NOTE
r-devel-windows-x86_64 1.0.2 5.00 44.00 49.00 NOTE
r-devel-windows-x86_64-gcc10-UCRT 1.0.2 NOTE
r-patched-linux-x86_64 1.0.2 2.67 25.13 27.80 NOTE
r-patched-solaris-x86 1.0.2 52.50 NOTE
r-release-linux-x86_64 1.0.2 2.25 25.20 27.45 NOTE
r-release-macos-arm64 1.0.2 NOTE
r-release-macos-x86_64 1.0.2 NOTE
r-release-windows-ix86+x86_64 1.0.2 5.00 43.00 48.00 NOTE
r-oldrel-macos-x86_64 1.0.2 OK
r-oldrel-windows-ix86+x86_64 1.0.2 7.00 42.00 49.00 OK

Check Details

Version: 1.0.2
Check: LazyData
Result: NOTE
     'LazyData' is specified without a 'data' directory
Flavors: r-devel-linux-x86_64-debian-clang, r-devel-linux-x86_64-debian-gcc, r-devel-linux-x86_64-fedora-clang, r-devel-linux-x86_64-fedora-gcc, r-devel-windows-x86_64, r-devel-windows-x86_64-gcc10-UCRT, r-patched-linux-x86_64, r-patched-solaris-x86, r-release-linux-x86_64, r-release-macos-arm64, r-release-macos-x86_64, r-release-windows-ix86+x86_64