CRAN Package Check Results for Package SymbolicDeterminants

Last updated on 2021-06-21 15:50:14 CEST.

Flavor Version Tinstall Tcheck Ttotal Status Flags
r-devel-linux-x86_64-debian-clang 2.0.0 3.10 33.29 36.39 NOTE
r-devel-linux-x86_64-debian-gcc 2.0.0 2.70 26.00 28.70 NOTE
r-devel-linux-x86_64-fedora-clang 2.0.0 53.60 NOTE
r-devel-linux-x86_64-fedora-gcc 2.0.0 43.41 NOTE
r-devel-windows-x86_64 2.0.0 6.00 49.00 55.00 NOTE
r-devel-windows-x86_64-gcc10-UCRT 2.0.0 NOTE
r-patched-linux-x86_64 2.0.0 3.73 32.36 36.09 NOTE
r-patched-solaris-x86 2.0.0 62.60 NOTE
r-release-linux-x86_64 2.0.0 3.20 32.47 35.67 NOTE
r-release-macos-arm64 2.0.0 NOTE
r-release-macos-x86_64 2.0.0 NOTE
r-release-windows-ix86+x86_64 2.0.0 7.00 50.00 57.00 NOTE
r-oldrel-macos-x86_64 2.0.0 OK

Check Details

Version: 2.0.0
Check: LazyData
Result: NOTE
     'LazyData' is specified without a 'data' directory
Flavors: r-devel-linux-x86_64-debian-clang, r-devel-linux-x86_64-debian-gcc, r-devel-linux-x86_64-fedora-clang, r-devel-linux-x86_64-fedora-gcc, r-devel-windows-x86_64, r-devel-windows-x86_64-gcc10-UCRT, r-patched-linux-x86_64, r-patched-solaris-x86, r-release-linux-x86_64, r-release-macos-arm64, r-release-macos-x86_64, r-release-windows-ix86+x86_64