CRAN Package Check Results for Package SymbolicDeterminants

Last updated on 2021-10-16 20:51:00 CEST.

Flavor Version Tinstall Tcheck Ttotal Status Flags
r-devel-linux-x86_64-debian-clang 2.0.0 3.00 32.64 35.64 NOTE
r-devel-linux-x86_64-debian-gcc 2.0.0 2.84 25.42 28.26 NOTE
r-devel-linux-x86_64-fedora-clang 2.0.0 53.80 NOTE
r-devel-linux-x86_64-fedora-gcc 2.0.0 43.73 NOTE
r-devel-windows-x86_64 2.0.0 6.00 41.00 47.00 NOTE
r-devel-windows-x86_64-gcc10-UCRT 2.0.0 NOTE
r-patched-linux-x86_64 2.0.0 3.15 31.63 34.78 NOTE
r-patched-solaris-x86 2.0.0 62.50 NOTE
r-release-linux-x86_64 2.0.0 3.28 31.46 34.74 NOTE
r-release-macos-arm64 2.0.0 NOTE
r-release-macos-x86_64 2.0.0 NOTE
r-release-windows-ix86+x86_64 2.0.0 8.00 81.00 89.00 NOTE
r-oldrel-macos-x86_64 2.0.0 OK
r-oldrel-windows-ix86+x86_64 2.0.0 7.00 51.00 58.00 OK

Check Details

Version: 2.0.0
Check: LazyData
Result: NOTE
     'LazyData' is specified without a 'data' directory
Flavors: r-devel-linux-x86_64-debian-clang, r-devel-linux-x86_64-debian-gcc, r-devel-linux-x86_64-fedora-clang, r-devel-linux-x86_64-fedora-gcc, r-devel-windows-x86_64, r-devel-windows-x86_64-gcc10-UCRT, r-patched-linux-x86_64, r-patched-solaris-x86, r-release-linux-x86_64, r-release-macos-arm64, r-release-macos-x86_64, r-release-windows-ix86+x86_64