CRAN Package Check Results for Package SympluR

Last updated on 2020-01-17 19:47:50 CET.

Flavor Version Tinstall Tcheck Ttotal Status Flags
r-devel-linux-x86_64-debian-clang 0.3.0 2.67 26.98 29.65 OK
r-devel-linux-x86_64-debian-gcc 0.3.0 2.45 21.72 24.17 OK
r-devel-linux-x86_64-fedora-clang 0.3.0 37.12 NOTE
r-devel-linux-x86_64-fedora-gcc 0.3.0 35.65 NOTE
r-devel-windows-ix86+x86_64 0.3.0 14.00 70.00 84.00 OK
r-devel-windows-ix86+x86_64-gcc8 0.3.0 9.00 65.00 74.00 OK
r-patched-linux-x86_64 0.3.0 2.46 24.74 27.20 OK
r-patched-solaris-x86 0.3.0 51.50 NOTE
r-release-linux-x86_64 0.3.0 2.22 24.90 27.12 OK
r-release-windows-ix86+x86_64 0.3.0 11.00 73.00 84.00 OK
r-release-osx-x86_64 0.3.0 NOTE
r-oldrel-windows-ix86+x86_64 0.3.0 6.00 63.00 69.00 OK
r-oldrel-osx-x86_64 0.3.0 NOTE

Check Details

Version: 0.3.0
Check: dependencies in R code
Result: NOTE
    Namespace in Imports field not imported from: ‘readr’
     All declared Imports should be used.
Flavors: r-devel-linux-x86_64-fedora-clang, r-devel-linux-x86_64-fedora-gcc, r-patched-solaris-x86, r-release-osx-x86_64, r-oldrel-osx-x86_64