CRAN Package Check Results for Package SynthTools

Last updated on 2020-08-10 04:47:48 CEST.

Flavor Version Tinstall Tcheck Ttotal Status Flags
r-devel-linux-x86_64-debian-clang 1.0.1 2.83 30.54 33.37 OK
r-devel-linux-x86_64-debian-gcc 1.0.1 2.25 23.98 26.23 OK
r-devel-linux-x86_64-fedora-clang 1.0.1 48.41 NOTE
r-devel-linux-x86_64-fedora-gcc 1.0.1 39.25 NOTE
r-devel-windows-ix86+x86_64 1.0.1 8.00 60.00 68.00 OK
r-patched-linux-x86_64 1.0.1 2.88 30.28 33.16 OK
r-patched-solaris-x86 1.0.1 62.50 NOTE
r-release-linux-x86_64 1.0.1 2.75 30.55 33.30 OK
r-release-macos-x86_64 1.0.1 NOTE
r-release-windows-ix86+x86_64 1.0.1 13.00 61.00 74.00 OK
r-oldrel-macos-x86_64 1.0.1 NOTE
r-oldrel-windows-ix86+x86_64 1.0.1 6.00 57.00 63.00 OK

Check Details

Version: 1.0.1
Check: dependencies in R code
Result: NOTE
    Namespace in Imports field not imported from: ‘utils’
     All declared Imports should be used.
Flavors: r-devel-linux-x86_64-fedora-clang, r-devel-linux-x86_64-fedora-gcc, r-patched-solaris-x86, r-release-macos-x86_64, r-oldrel-macos-x86_64