CRAN Package Check Results for Package SynthTools

Last updated on 2020-01-26 02:49:10 CET.

Flavor Version Tinstall Tcheck Ttotal Status Flags
r-devel-linux-x86_64-debian-clang 1.0.0 2.49 29.78 32.27 OK
r-devel-linux-x86_64-debian-gcc 1.0.0 2.43 23.66 26.09 OK
r-devel-linux-x86_64-fedora-clang 1.0.0 40.03 NOTE
r-devel-linux-x86_64-fedora-gcc 1.0.0 39.17 NOTE
r-devel-windows-ix86+x86_64 1.0.0 6.00 65.00 71.00 OK
r-devel-windows-ix86+x86_64-gcc8 1.0.0 13.00 49.00 62.00 OK
r-patched-linux-x86_64 1.0.0 2.56 27.12 29.68 OK
r-patched-solaris-x86 1.0.0 57.60 NOTE
r-release-linux-x86_64 1.0.0 2.56 26.85 29.41 OK
r-release-windows-ix86+x86_64 1.0.0 7.00 63.00 70.00 OK
r-release-osx-x86_64 1.0.0 NOTE
r-oldrel-windows-ix86+x86_64 1.0.0 3.00 39.00 42.00 OK
r-oldrel-osx-x86_64 1.0.0 NOTE

Check Details

Version: 1.0.0
Check: dependencies in R code
Result: NOTE
    Namespace in Imports field not imported from: ‘utils’
     All declared Imports should be used.
Flavors: r-devel-linux-x86_64-fedora-clang, r-devel-linux-x86_64-fedora-gcc, r-patched-solaris-x86, r-release-osx-x86_64, r-oldrel-osx-x86_64