Last updated on 2023-03-30 22:55:14 CEST.
Flavor | Version | Tinstall | Tcheck | Ttotal | Status | Flags |
---|---|---|---|---|---|---|
r-devel-linux-x86_64-debian-clang | 0.1.2 | 240.27 | 210.35 | 450.62 | NOTE | |
r-devel-linux-x86_64-debian-gcc | 0.1.2 | 184.47 | 157.60 | 342.07 | NOTE | |
r-devel-linux-x86_64-fedora-clang | 0.1.2 | 665.31 | NOTE | |||
r-devel-linux-x86_64-fedora-gcc | 0.1.2 | 606.52 | NOTE | |||
r-devel-windows-x86_64 | 0.1.2 | 206.00 | 0.00 | 206.00 | NOTE | |
r-patched-linux-x86_64 | 0.1.2 | 202.11 | 198.13 | 400.24 | NOTE | |
r-release-linux-x86_64 | 0.1.2 | 178.68 | 188.49 | 367.17 | OK | |
r-release-macos-arm64 | 0.1.2 | 134.00 | NOTE | |||
r-release-macos-x86_64 | 0.1.2 | 210.00 | NOTE | |||
r-release-windows-x86_64 | 0.1.2 | 182.00 | 275.00 | 457.00 | OK | |
r-oldrel-macos-arm64 | 0.1.2 | 143.00 | NOTE | |||
r-oldrel-macos-x86_64 | 0.1.2 | 174.00 | NOTE | |||
r-oldrel-windows-ix86+x86_64 | 0.1.2 | 549.00 | 300.00 | 849.00 | OK |
Version: 0.1.2
Check: C++ specification
Result: NOTE
Specified C++11: please drop specification unless essential
Flavors: r-devel-linux-x86_64-debian-clang, r-devel-linux-x86_64-debian-gcc, r-devel-linux-x86_64-fedora-clang, r-devel-linux-x86_64-fedora-gcc, r-devel-windows-x86_64, r-patched-linux-x86_64
Version: 0.1.2
Check: Rd cross-references
Result: NOTE
Undeclared package ‘HSAUR3’ in Rd xrefs
Flavor: r-devel-linux-x86_64-fedora-clang
Version: 0.1.2
Check: installed package size
Result: NOTE
installed size is 11.7Mb
sub-directories of 1Mb or more:
libs 11.3Mb
Flavors: r-release-macos-arm64, r-release-macos-x86_64, r-oldrel-macos-arm64, r-oldrel-macos-x86_64