CRAN Package Check Results for Package T4cluster

Last updated on 2020-11-27 00:49:04 CET.

Flavor Version Tinstall Tcheck Ttotal Status Flags
r-devel-linux-x86_64-debian-clang 0.1.0 100.16 142.78 242.94 OK
r-devel-linux-x86_64-debian-gcc 0.1.0 125.39 106.83 232.22 OK
r-devel-linux-x86_64-fedora-clang 0.1.0 320.80 OK
r-devel-linux-x86_64-fedora-gcc 0.1.0 298.36 OK
r-devel-windows-ix86+x86_64 0.1.0 233.00 230.00 463.00 OK
r-patched-linux-x86_64 0.1.0 140.65 133.28 273.93 OK
r-patched-solaris-x86 0.1.0 327.40 OK
r-release-linux-x86_64 0.1.0 142.04 131.56 273.60 OK
r-release-macos-x86_64 0.1.0 OK
r-release-windows-ix86+x86_64 0.1.0 244.00 180.00 424.00 OK
r-oldrel-macos-x86_64 0.1.0 WARN
r-oldrel-windows-ix86+x86_64 0.1.0 207.00 209.00 416.00 OK

Check Details

Version: 0.1.0
Check: whether package can be installed
Result: WARN
    Found the following significant warnings:
     Warning: 'rgl.init' failed, running with 'rgl.useNULL = TRUE'.
Flavor: r-oldrel-macos-x86_64

Version: 0.1.0
Check: Rd files
Result: WARN
    prepare_Rd: RGL: unable to open X11 display
    prepare_Rd: 'rgl.init' failed, running with 'rgl.useNULL = TRUE'.
Flavor: r-oldrel-macos-x86_64