Last updated on 2023-03-30 22:55:14 CEST.
Flavor | Version | Tinstall | Tcheck | Ttotal | Status | Flags |
---|---|---|---|---|---|---|
r-devel-linux-x86_64-debian-clang | 0.1.1 | 111.38 | 156.23 | 267.61 | NOTE | |
r-devel-linux-x86_64-debian-gcc | 0.1.1 | 88.96 | 118.17 | 207.13 | NOTE | |
r-devel-linux-x86_64-fedora-clang | 0.1.1 | 374.78 | NOTE | |||
r-devel-linux-x86_64-fedora-gcc | 0.1.1 | 363.83 | NOTE | |||
r-devel-windows-x86_64 | 0.1.1 | 116.00 | 0.00 | 116.00 | NOTE | |
r-patched-linux-x86_64 | 0.1.1 | 102.13 | 149.46 | 251.59 | NOTE | |
r-release-linux-x86_64 | 0.1.1 | 97.41 | 141.64 | 239.05 | OK | |
r-release-macos-arm64 | 0.1.1 | 81.00 | NOTE | |||
r-release-macos-x86_64 | 0.1.1 | 115.00 | NOTE | |||
r-release-windows-x86_64 | 0.1.1 | 129.00 | 211.00 | 340.00 | NOTE | |
r-oldrel-macos-arm64 | 0.1.1 | 75.00 | NOTE | |||
r-oldrel-macos-x86_64 | 0.1.1 | 113.00 | NOTE | |||
r-oldrel-windows-ix86+x86_64 | 0.1.1 | 273.00 | 233.00 | 506.00 | NOTE |
Version: 0.1.1
Check: C++ specification
Result: NOTE
Specified C++11: please drop specification unless essential
Flavors: r-devel-linux-x86_64-debian-clang, r-devel-linux-x86_64-debian-gcc, r-devel-linux-x86_64-fedora-clang, r-devel-linux-x86_64-fedora-gcc, r-devel-windows-x86_64, r-patched-linux-x86_64
Version: 0.1.1
Check: installed package size
Result: NOTE
installed size is 5.0Mb
sub-directories of 1Mb or more:
data 4.3Mb
Flavors: r-devel-linux-x86_64-fedora-clang, r-devel-windows-x86_64, r-release-macos-arm64, r-release-macos-x86_64, r-release-windows-x86_64, r-oldrel-macos-arm64, r-oldrel-macos-x86_64, r-oldrel-windows-ix86+x86_64