Last updated on 2023-06-08 06:57:27 CEST.
Flavor | Version | Tinstall | Tcheck | Ttotal | Status | Flags |
---|---|---|---|---|---|---|
r-devel-linux-x86_64-debian-clang | 4.1-4 | 257.09 | 216.29 | 473.38 | NOTE | |
r-devel-linux-x86_64-debian-gcc | 4.1-4 | 180.35 | 159.06 | 339.41 | NOTE | |
r-devel-linux-x86_64-fedora-clang | 4.1-4 | 725.44 | NOTE | |||
r-devel-linux-x86_64-fedora-gcc | 4.1-4 | 662.66 | NOTE | |||
r-devel-windows-x86_64 | 4.1-4 | 184.00 | 190.00 | 374.00 | NOTE | |
r-patched-linux-x86_64 | 4.1-4 | 209.78 | 203.57 | 413.35 | NOTE | |
r-release-linux-x86_64 | 4.1-4 | 199.67 | 203.97 | 403.64 | NOTE | |
r-release-macos-arm64 | 4.1-4 | 139.00 | NOTE | |||
r-release-macos-x86_64 | 4.1-4 | 253.00 | NOTE | |||
r-release-windows-x86_64 | 4.1-4 | 235.00 | 244.00 | 479.00 | NOTE | |
r-oldrel-macos-arm64 | 4.1-4 | 138.00 | NOTE | |||
r-oldrel-macos-x86_64 | 4.1-4 | 164.00 | NOTE | |||
r-oldrel-windows-x86_64 | 4.1-4 | 223.00 | 360.00 | 583.00 | OK |
Version: 4.1-4
Check: Rd \usage sections
Result: NOTE
S3 methods shown with full name in documentation object ‘designMatrices’:
‘print.designMatrices’
The \usage entries for S3 methods should use the \method markup and not
their full name.
See chapter ‘Writing R documentation files’ in the ‘Writing R
Extensions’ manual.
Flavors: r-devel-linux-x86_64-debian-clang, r-devel-linux-x86_64-debian-gcc, r-devel-linux-x86_64-fedora-clang, r-devel-linux-x86_64-fedora-gcc, r-devel-windows-x86_64, r-patched-linux-x86_64, r-release-linux-x86_64, r-release-macos-arm64, r-release-macos-x86_64, r-release-windows-x86_64
Version: 4.1-4
Check: Rd cross-references
Result: NOTE
Undeclared package ‘mirt’ in Rd xrefs
Flavor: r-devel-linux-x86_64-fedora-clang
Version: 4.1-4
Check: installed package size
Result: NOTE
installed size is 7.6Mb
sub-directories of 1Mb or more:
R 2.0Mb
libs 4.7Mb
Flavors: r-release-macos-arm64, r-release-macos-x86_64, r-oldrel-macos-arm64, r-oldrel-macos-x86_64
Version: 4.1-4
Check: package dependencies
Result: NOTE
Package suggested but not available for checking: ‘psych’
Package which this enhances but not available for checking: ‘LSAmitR’
Flavor: r-release-macos-x86_64
Version: 4.1-4
Check: Rd cross-references
Result: NOTE
Package unavailable to check Rd xrefs: ‘psych’
Flavor: r-release-macos-x86_64