CRAN Package Check Results for Package TBFmultinomial

Last updated on 2024-07-22 17:55:30 CEST.

Flavor Version Tinstall Tcheck Ttotal Status Flags
r-devel-linux-x86_64-debian-clang 0.1.3 6.99 79.12 86.11 OK
r-devel-linux-x86_64-debian-gcc 0.1.3 5.16 59.89 65.05 OK
r-devel-linux-x86_64-fedora-clang 0.1.3 108.05 OK
r-devel-linux-x86_64-fedora-gcc 0.1.3 115.14 OK
r-devel-windows-x86_64 0.1.3 7.00 103.00 110.00 OK
r-patched-linux-x86_64 0.1.3 6.38 76.21 82.59 OK
r-release-linux-x86_64 0.1.3 5.22 75.94 81.16 OK
r-release-macos-arm64 0.1.3 38.00 OK
r-release-macos-x86_64 0.1.3 57.00 WARN
r-release-windows-x86_64 0.1.3 7.00 108.00 115.00 OK
r-oldrel-macos-arm64 0.1.3 42.00 OK
r-oldrel-macos-x86_64 0.1.3 74.00 OK
r-oldrel-windows-x86_64 0.1.3 8.00 112.00 120.00 OK

Check Details

Version: 0.1.3
Check: re-building of vignette outputs
Result: WARN Error(s) in re-building vignettes: ... --- re-building ‘TBFmultinomial.Rnw’ using knitr Error: processing vignette 'TBFmultinomial.Rnw' failed with diagnostics: Running 'texi2dvi' on 'TBFmultinomial.tex' failed. LaTeX errors: ! Undefined control sequence. l.100 \hlkwd{library}\hldef {(}\hlsng{'TBFmultinomial'}\hldef{)} ? ! Emergency stop. ! Emergency stop. l.100 End of file on the terminal! ! ==> Fatal error occurred, no output PDF file produced! --- failed re-building ‘TBFmultinomial.Rnw’ SUMMARY: processing the following file failed: ‘TBFmultinomial.Rnw’ Error: Vignette re-building failed. Execution halted Flavor: r-release-macos-x86_64