CRAN Package Check Results for Package TBRDist

Last updated on 2022-01-24 04:49:52 CET.

Flavor Version Tinstall Tcheck Ttotal Status Flags
r-devel-linux-x86_64-debian-clang 1.0.2 43.75 126.17 169.92 NOTE
r-devel-linux-x86_64-debian-gcc 1.0.2 37.17 100.15 137.32 NOTE
r-devel-linux-x86_64-fedora-clang 1.0.2 226.76 NOTE
r-devel-linux-x86_64-fedora-gcc 1.0.2 208.39 NOTE
r-devel-windows-x86_64-new-UL 1.0.2 47.00 179.00 226.00 NOTE
r-devel-windows-x86_64-new-TK 1.0.2 NOTE
r-patched-linux-x86_64 1.0.2 40.86 123.16 164.02 NOTE
r-release-linux-x86_64 1.0.2 36.31 121.36 157.67 NOTE
r-release-macos-arm64 1.0.2 NOTE
r-release-macos-x86_64 1.0.2 NOTE
r-release-windows-ix86+x86_64 1.0.2 106.00 227.00 333.00 NOTE
r-oldrel-macos-x86_64 1.0.2 NOTE
r-oldrel-windows-ix86+x86_64 1.0.2 105.00 228.00 333.00 OK

Check Details

Version: 1.0.2
Check: LazyData
Result: NOTE
     'LazyData' is specified without a 'data' directory
Flavors: r-devel-linux-x86_64-debian-clang, r-devel-linux-x86_64-debian-gcc, r-devel-linux-x86_64-fedora-clang, r-devel-linux-x86_64-fedora-gcc, r-devel-windows-x86_64-new-UL, r-devel-windows-x86_64-new-TK, r-patched-linux-x86_64, r-release-linux-x86_64, r-release-macos-arm64, r-release-macos-x86_64, r-release-windows-ix86+x86_64

Version: 1.0.2
Check: installed package size
Result: NOTE
     installed size is 6.4Mb
     sub-directories of 1Mb or more:
     libs 6.3Mb
Flavors: r-release-macos-arm64, r-release-macos-x86_64, r-oldrel-macos-x86_64