Last updated on 2023-06-05 11:57:03 CEST.
Flavor | Version | Tinstall | Tcheck | Ttotal | Status | Flags |
---|---|---|---|---|---|---|
r-devel-linux-x86_64-debian-clang | 1.0.2 | 45.02 | 130.08 | 175.10 | NOTE | |
r-devel-linux-x86_64-debian-gcc | 1.0.2 | 38.65 | 103.98 | 142.63 | NOTE | |
r-devel-linux-x86_64-fedora-clang | 1.0.2 | 235.79 | NOTE | |||
r-devel-linux-x86_64-fedora-gcc | 1.0.2 | 250.83 | NOTE | |||
r-devel-windows-x86_64 | 1.0.2 | 40.00 | 144.00 | 184.00 | NOTE | |
r-patched-linux-x86_64 | 1.0.2 | 39.04 | 129.00 | 168.04 | NOTE | |
r-release-linux-x86_64 | 1.0.2 | 31.51 | 130.13 | 161.64 | NOTE | |
r-release-macos-arm64 | 1.0.2 | 91.00 | NOTE | |||
r-release-macos-x86_64 | 1.0.2 | 124.00 | NOTE | |||
r-release-windows-x86_64 | 1.0.2 | 50.00 | 203.00 | 253.00 | NOTE | |
r-oldrel-macos-arm64 | 1.0.2 | 73.00 | NOTE | |||
r-oldrel-macos-x86_64 | 1.0.2 | 123.00 | NOTE | |||
r-oldrel-windows-x86_64 | 1.0.2 | 50.00 | 170.00 | 220.00 | NOTE |
Version: 1.0.2
Check: C++ specification
Result: NOTE
Specified C++11: please drop specification unless essential
Flavors: r-devel-linux-x86_64-debian-clang, r-devel-linux-x86_64-debian-gcc, r-devel-linux-x86_64-fedora-clang, r-devel-linux-x86_64-fedora-gcc, r-devel-windows-x86_64, r-patched-linux-x86_64, r-release-linux-x86_64, r-release-macos-arm64, r-release-macos-x86_64, r-release-windows-x86_64
Version: 1.0.2
Check: LazyData
Result: NOTE
'LazyData' is specified without a 'data' directory
Flavors: r-devel-linux-x86_64-debian-clang, r-devel-linux-x86_64-debian-gcc, r-devel-linux-x86_64-fedora-clang, r-devel-linux-x86_64-fedora-gcc, r-devel-windows-x86_64, r-patched-linux-x86_64, r-release-linux-x86_64, r-release-macos-arm64, r-release-macos-x86_64, r-release-windows-x86_64, r-oldrel-macos-arm64, r-oldrel-macos-x86_64, r-oldrel-windows-x86_64
Version: 1.0.2
Check: installed package size
Result: NOTE
installed size is 5.3Mb
sub-directories of 1Mb or more:
libs 5.1Mb
Flavors: r-release-macos-arm64, r-oldrel-macos-arm64, r-oldrel-macos-x86_64