CRAN Package Check Results for Package TDA

Last updated on 2022-09-30 00:49:29 CEST.

Flavor Version Tinstall Tcheck Ttotal Status Flags
r-devel-linux-x86_64-debian-clang 1.8.7 136.21 99.39 235.60 NOTE
r-devel-linux-x86_64-debian-gcc 1.8.7 120.84 77.55 198.39 NOTE
r-devel-linux-x86_64-fedora-clang 1.8.7 308.82 NOTE
r-devel-linux-x86_64-fedora-gcc 1.8.7 340.90 NOTE
r-devel-windows-x86_64 1.8.7 257.00 238.00 495.00 NOTE
r-patched-linux-x86_64 1.8.7 131.48 96.20 227.68 NOTE
r-release-linux-x86_64 1.8.7 128.43 96.99 225.42 NOTE
r-release-macos-arm64 1.8.7 102.00 NOTE
r-release-macos-x86_64 1.8.7 135.00 NOTE
r-release-windows-x86_64 1.8.7 358.00 215.00 573.00 NOTE
r-oldrel-macos-arm64 1.8.7 84.00 NOTE
r-oldrel-macos-x86_64 1.8.7 134.00 NOTE
r-oldrel-windows-ix86+x86_64 1.8.7 274.00 223.00 497.00 NOTE

Check Details

Version: 1.8.7
Check: for GNU extensions in Makefiles
Result: NOTE
    GNU make is a SystemRequirements.
Flavors: r-devel-linux-x86_64-debian-clang, r-devel-linux-x86_64-debian-gcc, r-devel-linux-x86_64-fedora-clang, r-devel-linux-x86_64-fedora-gcc, r-devel-windows-x86_64, r-patched-linux-x86_64, r-release-linux-x86_64, r-release-macos-arm64, r-release-macos-x86_64, r-release-windows-x86_64, r-oldrel-macos-arm64, r-oldrel-macos-x86_64, r-oldrel-windows-ix86+x86_64

Version: 1.8.7
Check: dependencies in R code
Result: NOTE
    Namespace in Imports field not imported from: ‘scales’
     All declared Imports should be used.
Flavors: r-devel-linux-x86_64-fedora-clang, r-devel-linux-x86_64-fedora-gcc, r-release-macos-arm64, r-release-macos-x86_64, r-oldrel-macos-arm64, r-oldrel-macos-x86_64

Version: 1.8.7
Check: installed package size
Result: NOTE
     installed size is 37.4Mb
     sub-directories of 1Mb or more:
     doc 1.3Mb
     libs 35.7Mb
Flavors: r-release-macos-arm64, r-release-macos-x86_64, r-oldrel-macos-arm64, r-oldrel-macos-x86_64, r-oldrel-windows-ix86+x86_64