Last updated on 2023-03-30 21:50:09 CEST.
Flavor | Version | Tinstall | Tcheck | Ttotal | Status | Flags |
---|---|---|---|---|---|---|
r-devel-linux-x86_64-debian-clang | 0.1.2 | 75.52 | 199.37 | 274.89 | NOTE | |
r-devel-linux-x86_64-debian-gcc | 0.1.2 | 57.02 | 147.90 | 204.92 | NOTE | |
r-devel-linux-x86_64-fedora-clang | 0.1.2 | 374.46 | NOTE | |||
r-devel-linux-x86_64-fedora-gcc | 0.1.2 | 345.98 | NOTE | |||
r-devel-windows-x86_64 | 0.1.2 | 78.00 | 0.00 | 78.00 | NOTE | |
r-patched-linux-x86_64 | 0.1.2 | 63.97 | 186.71 | 250.68 | NOTE | |
r-release-linux-x86_64 | 0.1.2 | 59.72 | 180.04 | 239.76 | OK | |
r-release-macos-arm64 | 0.1.2 | 81.00 | OK | |||
r-release-macos-x86_64 | 0.1.2 | 136.00 | OK | |||
r-release-windows-x86_64 | 0.1.2 | 88.00 | 248.00 | 336.00 | OK | |
r-oldrel-macos-arm64 | 0.1.2 | 104.00 | OK | |||
r-oldrel-macos-x86_64 | 0.1.2 | 109.00 | OK | |||
r-oldrel-windows-ix86+x86_64 | 0.1.2 | 179.00 | 280.00 | 459.00 | OK |
Version: 0.1.2
Check: C++ specification
Result: NOTE
Specified C++11: please drop specification unless essential
Flavors: r-devel-linux-x86_64-debian-clang, r-devel-linux-x86_64-debian-gcc, r-devel-linux-x86_64-fedora-clang, r-devel-linux-x86_64-fedora-gcc, r-devel-windows-x86_64, r-patched-linux-x86_64
Version: 0.1.2
Check: Rd cross-references
Result: NOTE
Undeclared package ‘Rtsne’ in Rd xrefs
Flavor: r-devel-linux-x86_64-fedora-clang