CRAN Package Check Results for Package TDAmapper

Last updated on 2020-09-19 09:52:14 CEST.

Flavor Version Tinstall Tcheck Ttotal Status Flags
r-devel-linux-x86_64-debian-clang 1.0 2.15 19.00 21.15 NOTE
r-devel-linux-x86_64-debian-gcc 1.0 1.61 14.85 16.46 NOTE
r-devel-linux-x86_64-fedora-clang 1.0 36.35 NOTE
r-devel-linux-x86_64-fedora-gcc 1.0 25.75 NOTE
r-devel-windows-ix86+x86_64 1.0 4.00 27.00 31.00 NOTE
r-patched-linux-x86_64 1.0 1.92 18.76 20.68 NOTE
r-patched-solaris-x86 1.0 39.60 NOTE
r-release-linux-x86_64 1.0 2.01 18.86 20.87 NOTE
r-release-macos-x86_64 1.0 NOTE
r-release-windows-ix86+x86_64 1.0 3.00 25.00 28.00 NOTE
r-oldrel-macos-x86_64 1.0 NOTE
r-oldrel-windows-ix86+x86_64 1.0 3.00 30.00 33.00 NOTE

Check Details

Version: 1.0
Check: R code for possible problems
Result: NOTE
    cluster_cutoff_at_first_empty_bin: no visible global function
     definition for 'hist'
    mapper1D: no visible global function definition for 'dist'
    mapper1D: no visible global function definition for 'as.dist'
    mapper1D: no visible global function definition for 'hclust'
    mapper1D: no visible global function definition for 'cutree'
    mapper2D: no visible global function definition for 'dist'
    mapper2D: no visible global function definition for 'as.dist'
    mapper2D: no visible global function definition for 'hclust'
    mapper2D: no visible global function definition for 'cutree'
    Undefined global functions or variables:
     as.dist cutree dist hclust hist
    Consider adding
     importFrom("graphics", "hist")
     importFrom("stats", "as.dist", "cutree", "dist", "hclust")
    to your NAMESPACE file.
Flavors: r-devel-linux-x86_64-debian-clang, r-devel-linux-x86_64-debian-gcc, r-devel-linux-x86_64-fedora-clang, r-devel-linux-x86_64-fedora-gcc, r-devel-windows-ix86+x86_64, r-patched-linux-x86_64, r-patched-solaris-x86, r-release-linux-x86_64, r-release-macos-x86_64, r-release-windows-ix86+x86_64, r-oldrel-macos-x86_64, r-oldrel-windows-ix86+x86_64