CRAN Package Check Results for Package TDAstats

Last updated on 2024-02-29 00:00:48 CET.

Flavor Version Tinstall Tcheck Ttotal Status Flags
r-devel-linux-x86_64-debian-clang 0.4.1 28.19 80.83 109.02 NOTE
r-devel-linux-x86_64-debian-gcc 0.4.1 19.61 62.07 81.68 NOTE
r-devel-linux-x86_64-fedora-clang 0.4.1 140.20 NOTE
r-devel-linux-x86_64-fedora-gcc 0.4.1 144.49 NOTE
r-devel-windows-x86_64 0.4.1 22.00 98.00 120.00 NOTE
r-patched-linux-x86_64 0.4.1 26.56 77.48 104.04 NOTE
r-release-linux-x86_64 0.4.1 26.11 77.85 103.96 NOTE
r-release-macos-arm64 0.4.1 56.00 NOTE
r-release-macos-x86_64 0.4.1 79.00 NOTE
r-release-windows-x86_64 0.4.1 27.00 118.00 145.00 NOTE
r-oldrel-macos-arm64 0.4.1 42.00 OK
r-oldrel-windows-x86_64 0.4.1 28.00 147.00 175.00 OK

Check Details

Version: 0.4.1
Check: C++ specification
Result: NOTE Specified C++11: please drop specification unless essential Flavors: r-devel-linux-x86_64-debian-clang, r-devel-linux-x86_64-debian-gcc, r-devel-linux-x86_64-fedora-clang, r-devel-linux-x86_64-fedora-gcc, r-devel-windows-x86_64, r-patched-linux-x86_64, r-release-linux-x86_64, r-release-macos-arm64, r-release-macos-x86_64, r-release-windows-x86_64