CRAN Package Check Results for Package TEAM

Last updated on 2021-09-24 06:48:44 CEST.

Flavor Version Tinstall Tcheck Ttotal Status Flags
r-devel-linux-x86_64-debian-clang 0.1.0 9.15 88.77 97.92 NOTE
r-devel-linux-x86_64-debian-gcc 0.1.0 7.37 67.29 74.66 NOTE
r-devel-linux-x86_64-fedora-clang 0.1.0 127.14 NOTE
r-devel-linux-x86_64-fedora-gcc 0.1.0 113.96 NOTE
r-devel-windows-x86_64 0.1.0 9.00 78.00 87.00 NOTE
r-devel-windows-x86_64-gcc10-UCRT 0.1.0 NOTE
r-patched-linux-x86_64 0.1.0 9.34 82.12 91.46 NOTE
r-patched-solaris-x86 0.1.0 168.30 NOTE
r-release-linux-x86_64 0.1.0 7.80 83.99 91.79 NOTE
r-release-macos-arm64 0.1.0 NOTE
r-release-macos-x86_64 0.1.0 NOTE
r-release-windows-ix86+x86_64 0.1.0 23.00 104.00 127.00 NOTE
r-oldrel-macos-x86_64 0.1.0 OK
r-oldrel-windows-ix86+x86_64 0.1.0 17.00 79.00 96.00 OK

Check Details

Version: 0.1.0
Check: LazyData
Result: NOTE
     'LazyData' is specified without a 'data' directory
Flavors: r-devel-linux-x86_64-debian-clang, r-devel-linux-x86_64-debian-gcc, r-devel-linux-x86_64-fedora-clang, r-devel-linux-x86_64-fedora-gcc, r-devel-windows-x86_64, r-devel-windows-x86_64-gcc10-UCRT, r-patched-linux-x86_64, r-patched-solaris-x86, r-release-linux-x86_64, r-release-macos-arm64, r-release-macos-x86_64, r-release-windows-ix86+x86_64