CRAN Package Check Results for Package TEAM

Last updated on 2024-03-03 08:52:47 CET.

Flavor Version Tinstall Tcheck Ttotal Status Flags
r-devel-linux-x86_64-debian-clang 0.1.0 9.08 97.18 106.26 NOTE
r-devel-linux-x86_64-debian-gcc 0.1.0 8.70 72.62 81.32 NOTE
r-devel-linux-x86_64-fedora-clang 0.1.0 129.68 NOTE
r-devel-linux-x86_64-fedora-gcc 0.1.0 125.20 NOTE
r-devel-windows-x86_64 0.1.0 10.00 84.00 94.00 NOTE
r-patched-linux-x86_64 0.1.0 9.53 93.67 103.20 NOTE
r-release-linux-x86_64 0.1.0 10.40 95.51 105.91 NOTE
r-release-macos-arm64 0.1.0 48.00 NOTE
r-release-macos-x86_64 0.1.0 68.00 NOTE
r-release-windows-x86_64 0.1.0 13.00 100.00 113.00 NOTE
r-oldrel-macos-arm64 0.1.0 40.00 NOTE
r-oldrel-windows-x86_64 0.1.0 13.00 101.00 114.00 NOTE

Check Details

Version: 0.1.0
Check: LazyData
Result: NOTE 'LazyData' is specified without a 'data' directory Flavors: r-devel-linux-x86_64-debian-clang, r-devel-linux-x86_64-debian-gcc, r-devel-linux-x86_64-fedora-clang, r-devel-linux-x86_64-fedora-gcc, r-devel-windows-x86_64, r-patched-linux-x86_64, r-release-linux-x86_64, r-release-macos-arm64, r-release-macos-x86_64, r-release-windows-x86_64, r-oldrel-macos-arm64, r-oldrel-windows-x86_64