CRAN Package Check Results for Package TESS

Last updated on 2019-08-18 04:46:25 CEST.

Flavor Version Tinstall Tcheck Ttotal Status Flags
r-devel-linux-x86_64-debian-clang 2.1.0 22.12 124.63 146.75 NOTE
r-devel-linux-x86_64-debian-gcc 2.1.0 17.97 90.81 108.78 NOTE
r-devel-linux-x86_64-fedora-clang 2.1.0 176.03 NOTE
r-devel-linux-x86_64-fedora-gcc 2.1.0 169.81 NOTE
r-devel-windows-ix86+x86_64 2.1.0 59.00 226.00 285.00 OK
r-patched-linux-x86_64 2.1.0 17.99 115.24 133.23 OK
r-patched-solaris-x86 2.1.0 228.80 OK
r-release-linux-x86_64 2.1.0 16.20 116.54 132.74 OK
r-release-windows-ix86+x86_64 2.1.0 48.00 211.00 259.00 OK
r-release-osx-x86_64 2.1.0 OK
r-oldrel-windows-ix86+x86_64 2.1.0 49.00 213.00 262.00 OK
r-oldrel-osx-x86_64 2.1.0 OK

Check Details

Version: 2.1.0
Check: for non-standard things in the check directory
Result: NOTE
    Found the following files/directories:
     'ExtinctionRateChanges.txt' 'ExtinctionRates.txt'
     'MassExtinctionTimes.txt' 'SpeciationRateChanges.txt'
     'SpeciationRates.txt' 'SurvivalProbabilities.txt' 'analysis_conifer'
     'input_tree.tre' 'run_1' 'run_2' 'samples_numCategories.txt'
Flavors: r-devel-linux-x86_64-debian-clang, r-devel-linux-x86_64-debian-gcc, r-devel-linux-x86_64-fedora-clang, r-devel-linux-x86_64-fedora-gcc

Version: 2.1.0
Check: compiled code
Result: NOTE
    File ‘TESS/libs/TESS.so’:
     Found no calls to: ‘R_registerRoutines’, ‘R_useDynamicSymbols’
    
    It is good practice to register native routines and to disable symbol
    search.
    
    See ‘Writing portable packages’ in the ‘Writing R Extensions’ manual.
Flavors: r-devel-linux-x86_64-fedora-clang, r-devel-linux-x86_64-fedora-gcc