CRAN Package Check Results for Package TESS

Last updated on 2019-04-20 12:51:19 CEST.

Flavor Version Tinstall Tcheck Ttotal Status Flags
r-devel-linux-x86_64-debian-clang 2.1.0 22.21 119.78 141.99 OK
r-devel-linux-x86_64-debian-gcc 2.1.0 16.86 103.94 120.80 OK
r-devel-linux-x86_64-fedora-clang 2.1.0 175.75 NOTE
r-devel-linux-x86_64-fedora-gcc 2.1.0 161.09 NOTE
r-devel-windows-ix86+x86_64 2.1.0 54.00 206.00 260.00 OK
r-patched-linux-x86_64 2.1.0 18.71 118.93 137.64 OK
r-patched-solaris-x86 2.1.0 219.60 OK
r-release-linux-x86_64 2.1.0 18.20 112.81 131.01 OK
r-release-windows-ix86+x86_64 2.1.0 34.00 235.00 269.00 OK
r-release-osx-x86_64 2.1.0 OK
r-oldrel-windows-ix86+x86_64 2.1.0 30.00 191.00 221.00 OK
r-oldrel-osx-x86_64 2.1.0 OK

Check Details

Version: 2.1.0
Check: compiled code
Result: NOTE
    File ‘TESS/libs/TESS.so’:
     Found no calls to: ‘R_registerRoutines’, ‘R_useDynamicSymbols’
    
    It is good practice to register native routines and to disable symbol
    search.
    
    See ‘Writing portable packages’ in the ‘Writing R Extensions’ manual.
Flavors: r-devel-linux-x86_64-fedora-clang, r-devel-linux-x86_64-fedora-gcc