CRAN Package Check Results for Package TESS

Last updated on 2019-02-17 10:46:41 CET.

Flavor Version Tinstall Tcheck Ttotal Status Flags
r-devel-linux-x86_64-debian-clang 2.1.0 18.70 132.16 150.86 OK
r-devel-linux-x86_64-debian-gcc 2.1.0 14.83 92.78 107.61 OK
r-devel-linux-x86_64-fedora-clang 2.1.0 181.91 NOTE
r-devel-linux-x86_64-fedora-gcc 2.1.0 163.03 NOTE
r-devel-windows-ix86+x86_64 2.1.0 71.00 228.00 299.00 OK
r-patched-linux-x86_64 2.1.0 19.15 117.13 136.28 OK
r-patched-solaris-x86 2.1.0 210.70 OK
r-release-linux-x86_64 2.1.0 OK
r-release-windows-ix86+x86_64 2.1.0 33.00 166.00 199.00 OK
r-release-osx-x86_64 2.1.0 OK
r-oldrel-windows-ix86+x86_64 2.1.0 57.00 317.00 374.00 OK
r-oldrel-osx-x86_64 2.1.0 OK

Check Details

Version: 2.1.0
Check: compiled code
Result: NOTE
    File ‘TESS/libs/TESS.so’:
     Found no calls to: ‘R_registerRoutines’, ‘R_useDynamicSymbols’
    
    It is good practice to register native routines and to disable symbol
    search.
    
    See ‘Writing portable packages’ in the ‘Writing R Extensions’ manual.
Flavors: r-devel-linux-x86_64-fedora-clang, r-devel-linux-x86_64-fedora-gcc