CRAN Package Check Results for Package TFMPvalue

Last updated on 2021-09-27 11:50:05 CEST.

Flavor Version Tinstall Tcheck Ttotal Status Flags
r-devel-linux-x86_64-debian-clang 0.0.8 17.95 25.88 43.83 NOTE
r-devel-linux-x86_64-debian-gcc 0.0.8 10.91 20.87 31.78 NOTE
r-devel-linux-x86_64-fedora-clang 0.0.8 74.26 NOTE
r-devel-linux-x86_64-fedora-gcc 0.0.8 51.94 NOTE
r-devel-windows-x86_64 0.0.8 21.00 41.00 62.00 NOTE
r-devel-windows-x86_64-gcc10-UCRT 0.0.8 NOTE
r-patched-linux-x86_64 0.0.8 13.55 25.41 38.96 NOTE
r-patched-solaris-x86 0.0.8 73.00 NOTE
r-release-linux-x86_64 0.0.8 13.73 25.68 39.41 NOTE
r-release-macos-arm64 0.0.8 NOTE
r-release-macos-x86_64 0.0.8 NOTE
r-release-windows-ix86+x86_64 0.0.8 46.00 68.00 114.00 NOTE
r-oldrel-macos-x86_64 0.0.8 OK
r-oldrel-windows-ix86+x86_64 0.0.8 48.00 54.00 102.00 OK

Check Details

Version: 0.0.8
Check: LazyData
Result: NOTE
     'LazyData' is specified without a 'data' directory
Flavors: r-devel-linux-x86_64-debian-clang, r-devel-linux-x86_64-debian-gcc, r-devel-linux-x86_64-fedora-clang, r-devel-linux-x86_64-fedora-gcc, r-devel-windows-x86_64, r-devel-windows-x86_64-gcc10-UCRT, r-patched-linux-x86_64, r-patched-solaris-x86, r-release-linux-x86_64, r-release-macos-arm64, r-release-macos-x86_64, r-release-windows-ix86+x86_64