CRAN Package Check Results for Package TFX

Last updated on 2020-07-05 06:47:35 CEST.

Flavor Version Tinstall Tcheck Ttotal Status Flags
r-devel-linux-x86_64-debian-clang 0.1.0 2.93 26.22 29.15 NOTE
r-devel-linux-x86_64-debian-gcc 0.1.0 2.47 21.23 23.70 NOTE
r-devel-linux-x86_64-fedora-clang 0.1.0 44.18 NOTE
r-devel-linux-x86_64-fedora-gcc 0.1.0 34.95 NOTE
r-devel-windows-ix86+x86_64 0.1.0 11.00 49.00 60.00 NOTE
r-patched-linux-x86_64 0.1.0 2.61 26.68 29.29 NOTE
r-patched-solaris-x86 0.1.0 55.70 NOTE
r-release-linux-x86_64 0.1.0 2.89 26.48 29.37 NOTE
r-release-osx-x86_64 0.1.0 NOTE
r-release-windows-ix86+x86_64 0.1.0 6.00 36.00 42.00 NOTE
r-oldrel-osx-x86_64 0.1.0 NOTE
r-oldrel-windows-ix86+x86_64 0.1.0 6.00 46.00 52.00 NOTE

Check Details

Version: 0.1.0
Check: R code for possible problems
Result: NOTE
    ParseTrueFX: no visible global function definition for 'read.csv'
    TrueFXRef: no visible global function definition for 'download.file'
    TrueFXRef: no visible global function definition for 'browseURL'
    Undefined global functions or variables:
     browseURL download.file read.csv
    Consider adding
     importFrom("utils", "browseURL", "download.file", "read.csv")
    to your NAMESPACE file.
Flavors: r-devel-linux-x86_64-debian-clang, r-devel-linux-x86_64-debian-gcc, r-devel-linux-x86_64-fedora-clang, r-devel-linux-x86_64-fedora-gcc, r-devel-windows-ix86+x86_64, r-patched-linux-x86_64, r-patched-solaris-x86, r-release-linux-x86_64, r-release-osx-x86_64, r-release-windows-ix86+x86_64, r-oldrel-osx-x86_64, r-oldrel-windows-ix86+x86_64