CRAN Package Check Results for Package TFX

Last updated on 2019-11-20 18:48:41 CET.

Flavor Version Tinstall Tcheck Ttotal Status Flags
r-devel-linux-x86_64-debian-clang 0.1.0 2.82 24.59 27.41 NOTE
r-devel-linux-x86_64-debian-gcc 0.1.0 2.44 20.71 23.15 NOTE
r-devel-linux-x86_64-fedora-clang 0.1.0 33.02 NOTE
r-devel-linux-x86_64-fedora-gcc 0.1.0 33.15 NOTE
r-devel-windows-ix86+x86_64 0.1.0 7.00 39.00 46.00 NOTE
r-devel-windows-ix86+x86_64-gcc8 0.1.0 8.00 37.00 45.00 NOTE
r-patched-linux-x86_64 0.1.0 2.20 23.55 25.75 NOTE
r-patched-solaris-x86 0.1.0 52.90 NOTE
r-release-linux-x86_64 0.1.0 2.10 23.53 25.63 NOTE
r-release-windows-ix86+x86_64 0.1.0 7.00 49.00 56.00 NOTE
r-release-osx-x86_64 0.1.0 NOTE
r-oldrel-windows-ix86+x86_64 0.1.0 4.00 49.00 53.00 NOTE
r-oldrel-osx-x86_64 0.1.0 NOTE

Check Details

Version: 0.1.0
Check: R code for possible problems
Result: NOTE
    ParseTrueFX: no visible global function definition for 'read.csv'
    TrueFXRef: no visible global function definition for 'download.file'
    TrueFXRef: no visible global function definition for 'browseURL'
    Undefined global functions or variables:
     browseURL download.file read.csv
    Consider adding
     importFrom("utils", "browseURL", "download.file", "read.csv")
    to your NAMESPACE file.
Flavors: r-devel-linux-x86_64-debian-clang, r-devel-linux-x86_64-debian-gcc, r-devel-linux-x86_64-fedora-clang, r-devel-linux-x86_64-fedora-gcc, r-devel-windows-ix86+x86_64, r-devel-windows-ix86+x86_64-gcc8, r-patched-linux-x86_64, r-patched-solaris-x86, r-release-linux-x86_64, r-release-windows-ix86+x86_64, r-release-osx-x86_64, r-oldrel-windows-ix86+x86_64, r-oldrel-osx-x86_64