CRAN Package Check Results for Package TFisher

Last updated on 2022-01-26 19:50:49 CET.

Flavor Version Tinstall Tcheck Ttotal Status Flags
r-devel-linux-x86_64-debian-clang 0.2.0 7.63 83.83 91.46 NOTE
r-devel-linux-x86_64-debian-gcc 0.2.0 5.87 65.05 70.92 NOTE
r-devel-linux-x86_64-fedora-clang 0.2.0 110.64 NOTE
r-devel-linux-x86_64-fedora-gcc 0.2.0 102.45 NOTE
r-devel-windows-x86_64-new-UL 0.2.0 38.00 106.00 144.00 NOTE
r-devel-windows-x86_64-new-TK 0.2.0 NOTE
r-patched-linux-x86_64 0.2.0 8.37 77.83 86.20 NOTE
r-release-linux-x86_64 0.2.0 7.15 79.87 87.02 NOTE
r-release-macos-arm64 0.2.0 NOTE
r-release-macos-x86_64 0.2.0 NOTE
r-release-windows-ix86+x86_64 0.2.0 20.00 100.00 120.00 NOTE
r-oldrel-macos-x86_64 0.2.0 OK
r-oldrel-windows-ix86+x86_64 0.2.0 20.00 99.00 119.00 OK

Check Details

Version: 0.2.0
Check: LazyData
Result: NOTE
     'LazyData' is specified without a 'data' directory
Flavors: r-devel-linux-x86_64-debian-clang, r-devel-linux-x86_64-debian-gcc, r-devel-linux-x86_64-fedora-clang, r-devel-linux-x86_64-fedora-gcc, r-devel-windows-x86_64-new-UL, r-devel-windows-x86_64-new-TK, r-patched-linux-x86_64, r-release-linux-x86_64, r-release-macos-arm64, r-release-macos-x86_64, r-release-windows-ix86+x86_64