CRAN Package Check Results for Package TFisher

Last updated on 2022-10-01 11:49:41 CEST.

Flavor Version Tinstall Tcheck Ttotal Status Flags
r-devel-linux-x86_64-debian-clang 0.2.0 7.42 80.69 88.11 NOTE
r-devel-linux-x86_64-debian-gcc 0.2.0 6.90 62.06 68.96 NOTE
r-devel-linux-x86_64-fedora-clang 0.2.0 126.69 NOTE
r-devel-linux-x86_64-fedora-gcc 0.2.0 121.57 NOTE
r-devel-windows-x86_64 0.2.0 15.00 117.00 132.00 NOTE
r-patched-linux-x86_64 0.2.0 9.37 77.45 86.82 NOTE
r-release-linux-x86_64 0.2.0 7.98 77.25 85.23 NOTE
r-release-macos-arm64 0.2.0 35.00 NOTE
r-release-macos-x86_64 0.2.0 46.00 NOTE
r-release-windows-x86_64 0.2.0 19.00 110.00 129.00 NOTE
r-oldrel-macos-arm64 0.2.0 41.00 NOTE
r-oldrel-macos-x86_64 0.2.0 60.00 NOTE
r-oldrel-windows-ix86+x86_64 0.2.0 18.00 110.00 128.00 NOTE

Check Details

Version: 0.2.0
Check: LazyData
Result: NOTE
     'LazyData' is specified without a 'data' directory
Flavors: r-devel-linux-x86_64-debian-clang, r-devel-linux-x86_64-debian-gcc, r-devel-linux-x86_64-fedora-clang, r-devel-linux-x86_64-fedora-gcc, r-devel-windows-x86_64, r-patched-linux-x86_64, r-release-linux-x86_64, r-release-macos-arm64, r-release-macos-x86_64, r-release-windows-x86_64, r-oldrel-macos-arm64, r-oldrel-macos-x86_64, r-oldrel-windows-ix86+x86_64