CRAN Package Check Results for Package TFunHDDC

Last updated on 2024-02-27 07:55:03 CET.

Flavor Version Tinstall Tcheck Ttotal Status Flags
r-devel-linux-x86_64-debian-clang 1.0.1 13.52 185.44 198.96 NOTE
r-devel-linux-x86_64-debian-gcc 1.0.1 11.78 148.47 160.25 NOTE
r-devel-linux-x86_64-fedora-clang 1.0.1 245.47 NOTE
r-devel-linux-x86_64-fedora-gcc 1.0.1 260.96 NOTE
r-devel-windows-x86_64 1.0.1 16.00 156.00 172.00 OK
r-patched-linux-x86_64 1.0.1 18.46 186.82 205.28 OK
r-release-linux-x86_64 1.0.1 10.40 190.26 200.66 OK
r-release-macos-arm64 1.0.1 109.00 OK
r-release-macos-x86_64 1.0.1 198.00 OK
r-release-windows-x86_64 1.0.1 19.00 226.00 245.00 OK
r-oldrel-macos-arm64 1.0.1 141.00 OK
r-oldrel-windows-x86_64 1.0.1 21.00 221.00 242.00 OK

Check Details

Version: 1.0.1
Check: Rd files
Result: NOTE checkRd: (-1) predict.tfunHDDC.Rd:31-39: Lost braces 31 | The teigen family. Stat Comput 22:1021{1029. <doi.org/10.1007/ | ^ Flavors: r-devel-linux-x86_64-debian-clang, r-devel-linux-x86_64-debian-gcc, r-devel-linux-x86_64-fedora-clang, r-devel-linux-x86_64-fedora-gcc

Version: 1.0.1
Check: Rd cross-references
Result: NOTE Undeclared package ‘teigen’ in Rd xrefs Flavor: r-devel-linux-x86_64-fedora-clang