Last updated on 2023-05-28 00:56:30 CEST.
Flavor | Version | Tinstall | Tcheck | Ttotal | Status | Flags |
---|---|---|---|---|---|---|
r-devel-linux-x86_64-debian-clang | 1.0 | 5.56 | 75.33 | 80.89 | OK | |
r-devel-linux-x86_64-debian-gcc | 1.0 | 5.04 | 56.62 | 61.66 | OK | |
r-devel-linux-x86_64-fedora-clang | 1.0 | 99.44 | NOTE | |||
r-devel-linux-x86_64-fedora-gcc | 1.0 | 117.38 | NOTE | |||
r-devel-windows-x86_64 | 1.0 | 7.00 | 126.00 | 133.00 | OK | |
r-patched-linux-x86_64 | 1.0 | 5.91 | 72.43 | 78.34 | OK | |
r-release-linux-x86_64 | 1.0 | 5.66 | 71.25 | 76.91 | OK | |
r-release-macos-arm64 | 1.0 | 44.00 | OK | |||
r-release-macos-x86_64 | 1.0 | 75.00 | OK | |||
r-release-windows-x86_64 | 1.0 | 8.00 | 111.00 | 119.00 | OK | |
r-oldrel-macos-arm64 | 1.0 | 34.00 | NOTE | |||
r-oldrel-macos-x86_64 | 1.0 | 69.00 | NOTE | |||
r-oldrel-windows-x86_64 | 1.0 | 9.00 | 107.00 | 116.00 | OK |
Version: 1.0
Check: dependencies in R code
Result: NOTE
Namespace in Imports field not imported from: ‘knitr’
All declared Imports should be used.
Flavors: r-devel-linux-x86_64-fedora-clang, r-devel-linux-x86_64-fedora-gcc, r-oldrel-macos-arm64, r-oldrel-macos-x86_64