CRAN Package Check Results for Package TGST

Last updated on 2021-03-02 14:47:08 CET.

Flavor Version Tinstall Tcheck Ttotal Status Flags
r-devel-linux-x86_64-debian-clang 1.0 OK
r-devel-linux-x86_64-debian-gcc 1.0 3.80 51.28 55.08 OK
r-devel-linux-x86_64-fedora-clang 1.0 97.18 NOTE
r-devel-linux-x86_64-fedora-gcc 1.0 85.57 NOTE
r-devel-windows-ix86+x86_64 1.0 11.00 71.00 82.00 OK
r-patched-linux-x86_64 1.0 5.05 65.53 70.58 OK
r-patched-solaris-x86 1.0 167.80 NOTE
r-release-linux-x86_64 1.0 5.11 65.12 70.23 OK
r-release-macos-x86_64 1.0 NOTE
r-release-windows-ix86+x86_64 1.0 14.00 94.00 108.00 OK
r-oldrel-macos-x86_64 1.0 NOTE
r-oldrel-windows-ix86+x86_64 1.0 9.00 90.00 99.00 OK

Check Details

Version: 1.0
Check: dependencies in R code
Result: NOTE
    Namespace in Imports field not imported from: ‘knitr’
     All declared Imports should be used.
Flavors: r-devel-linux-x86_64-fedora-clang, r-devel-linux-x86_64-fedora-gcc, r-patched-solaris-x86, r-release-macos-x86_64, r-oldrel-macos-x86_64