CRAN Package Check Results for Package TITAN2

Last updated on 2020-04-02 05:49:05 CEST.

Flavor Version Tinstall Tcheck Ttotal Status Flags
r-devel-linux-x86_64-debian-clang 2.4 9.39 103.98 113.37 OK
r-devel-linux-x86_64-debian-gcc 2.4 6.41 77.48 83.89 OK
r-devel-linux-x86_64-fedora-clang 2.4 124.50 NOTE
r-devel-linux-x86_64-fedora-gcc 2.4 123.68 NOTE
r-devel-windows-ix86+x86_64 2.4 16.00 100.00 116.00 OK
r-devel-windows-ix86+x86_64-gcc8 2.4 17.00 104.00 121.00 OK
r-patched-linux-x86_64 2.4 8.10 97.73 105.83 OK
r-patched-solaris-x86 2.4 170.40 NOTE
r-release-linux-x86_64 2.4 7.23 94.26 101.49 OK
r-release-windows-ix86+x86_64 2.4 14.00 106.00 120.00 OK
r-release-osx-x86_64 2.4 NOTE
r-oldrel-windows-ix86+x86_64 2.4 11.00 113.00 124.00 OK
r-oldrel-osx-x86_64 2.4 NOTE

Check Details

Version: 2.4
Check: dependencies in R code
Result: NOTE
    Namespace in Imports field not imported from: ‘snow’
     All declared Imports should be used.
Flavors: r-devel-linux-x86_64-fedora-clang, r-devel-linux-x86_64-fedora-gcc, r-patched-solaris-x86, r-release-osx-x86_64, r-oldrel-osx-x86_64