CRAN Package Check Results for Package TLdating

Last updated on 2020-02-26 08:52:39 CET.

Flavor Version Tinstall Tcheck Ttotal Status Flags
r-devel-linux-x86_64-debian-clang 0.1.3 19.77 117.33 137.10 OK
r-devel-linux-x86_64-debian-gcc 0.1.3 16.51 88.32 104.83 OK
r-devel-linux-x86_64-fedora-clang 0.1.3 177.28 WARN
r-devel-linux-x86_64-fedora-gcc 0.1.3 175.23 WARN
r-devel-windows-ix86+x86_64 0.1.3 29.00 101.00 130.00 OK
r-devel-windows-ix86+x86_64-gcc8 0.1.3 36.00 117.00 153.00 OK
r-patched-linux-x86_64 0.1.3 19.55 101.35 120.90 OK
r-patched-solaris-x86 0.1.3 192.10 OK
r-release-linux-x86_64 0.1.3 19.68 101.01 120.69 OK
r-release-windows-ix86+x86_64 0.1.3 25.00 103.00 128.00 OK
r-release-osx-x86_64 0.1.3 OK
r-oldrel-windows-ix86+x86_64 0.1.3 22.00 105.00 127.00 OK
r-oldrel-osx-x86_64 0.1.3 OK

Check Details

Version: 0.1.3
Check: whether package can be installed
Result: WARN
    Found the following significant warnings:
     Warning: namespace ‘rgdal’ is not available and has been replaced
Flavors: r-devel-linux-x86_64-fedora-clang, r-devel-linux-x86_64-fedora-gcc