Last updated on 2023-09-29 13:54:02 CEST.
Flavor | Version | Tinstall | Tcheck | Ttotal | Status | Flags |
---|---|---|---|---|---|---|
r-devel-linux-x86_64-debian-clang | 1.9.6 | 74.83 | 93.48 | 168.31 | OK | |
r-devel-linux-x86_64-debian-gcc | 1.9.6 | 61.36 | 72.37 | 133.73 | OK | |
r-devel-linux-x86_64-fedora-clang | 1.9.6 | 207.11 | NOTE | |||
r-devel-linux-x86_64-fedora-gcc | 1.9.6 | 241.85 | OK | |||
r-devel-windows-x86_64 | 1.9.6 | 64.00 | 92.00 | 156.00 | NOTE | |
r-patched-linux-x86_64 | 1.9.6 | 71.09 | 91.19 | 162.28 | OK | |
r-release-linux-x86_64 | 1.9.6 | 79.60 | 93.10 | 172.70 | OK | |
r-release-macos-arm64 | 1.9.6 | 62.00 | NOTE | |||
r-release-macos-x86_64 | 1.9.6 | 127.00 | NOTE | |||
r-release-windows-x86_64 | 1.9.6 | 87.00 | 105.00 | 192.00 | NOTE | |
r-oldrel-macos-arm64 | 1.9.6 | 56.00 | NOTE | |||
r-oldrel-macos-x86_64 | 1.9.6 | 92.00 | NOTE | |||
r-oldrel-windows-x86_64 | 1.9.6 | 77.00 | 106.00 | 183.00 | NOTE |
Version: 1.9.6
Check: installed package size
Result: NOTE
installed size is 5.1Mb
sub-directories of 1Mb or more:
examples 1.0Mb
include 3.7Mb
Flavors: r-devel-linux-x86_64-fedora-clang, r-devel-windows-x86_64, r-release-macos-arm64, r-release-macos-x86_64, r-release-windows-x86_64, r-oldrel-macos-arm64, r-oldrel-macos-x86_64, r-oldrel-windows-x86_64