CRAN Package Check Results for Package TMB

Last updated on 2022-11-30 02:52:46 CET.

Flavor Version Tinstall Tcheck Ttotal Status Flags
r-devel-linux-x86_64-debian-clang 1.9.1 85.50 91.17 176.67 WARN
r-devel-linux-x86_64-debian-gcc 1.9.1 63.04 68.97 132.01 WARN
r-devel-linux-x86_64-fedora-clang 1.9.1 222.54 WARN
r-devel-linux-x86_64-fedora-gcc 1.9.1 234.71 WARN
r-devel-windows-x86_64 1.9.1 178.00 128.00 306.00 NOTE
r-patched-linux-x86_64 1.9.1 63.09 85.04 148.13 OK
r-release-linux-x86_64 1.9.1 66.85 83.80 150.65 OK
r-release-macos-arm64 1.9.1 45.00 NOTE
r-release-macos-x86_64 1.9.1 79.00 NOTE
r-release-windows-x86_64 1.9.1 154.00 122.00 276.00 NOTE
r-oldrel-macos-arm64 1.9.1 47.00 NOTE
r-oldrel-macos-x86_64 1.9.1 77.00 NOTE
r-oldrel-windows-ix86+x86_64 1.9.1 158.00 129.00 287.00 NOTE

Check Details

Version: 1.9.1
Check: whether package can be installed
Result: WARN
    Found the following significant warnings:
     external_metis.c:102:23: warning: a function declaration without a prototype is deprecated in all versions of C [-Wstrict-prototypes]
     init.c:17:23: warning: a function declaration without a prototype is deprecated in all versions of C [-Wstrict-prototypes]
Flavors: r-devel-linux-x86_64-debian-clang, r-devel-linux-x86_64-fedora-clang

Version: 1.9.1
Check: whether package can be installed
Result: WARN
    Found the following significant warnings:
     external_metis.c:102:6: warning: function declaration isn’t a prototype [-Wstrict-prototypes]
     init.c:17:1: warning: function declaration isn’t a prototype [-Wstrict-prototypes]
Flavors: r-devel-linux-x86_64-debian-gcc, r-devel-linux-x86_64-fedora-gcc

Version: 1.9.1
Check: installed package size
Result: NOTE
     installed size is 5.1Mb
     sub-directories of 1Mb or more:
     examples 1.1Mb
     include 3.6Mb
Flavors: r-devel-linux-x86_64-fedora-clang, r-devel-windows-x86_64, r-release-macos-arm64, r-release-macos-x86_64, r-release-windows-x86_64, r-oldrel-macos-arm64, r-oldrel-macos-x86_64, r-oldrel-windows-ix86+x86_64