CRAN Package Check Results for Package TNC

Last updated on 2024-06-16 13:53:43 CEST.

Flavor Version Tinstall Tcheck Ttotal Status Flags
r-devel-linux-x86_64-debian-clang 0.1.0 3.20 28.24 31.44 NOTE
r-devel-linux-x86_64-debian-gcc 0.1.0 2.42 21.67 24.09 NOTE
r-devel-linux-x86_64-fedora-clang 0.1.0 38.86 NOTE
r-devel-linux-x86_64-fedora-gcc 0.1.0 36.39 NOTE
r-devel-windows-x86_64 0.1.0 3.00 68.00 71.00 NOTE
r-patched-linux-x86_64 0.1.0 3.22 27.30 30.52 NOTE
r-release-linux-x86_64 0.1.0 3.01 26.77 29.78 NOTE
r-release-macos-arm64 0.1.0 16.00 NOTE
r-release-macos-x86_64 0.1.0 26.00 NOTE
r-release-windows-x86_64 0.1.0 4.00 48.00 52.00 NOTE
r-oldrel-macos-arm64 0.1.0 18.00 NOTE
r-oldrel-macos-x86_64 0.1.0 22.00 NOTE
r-oldrel-windows-x86_64 0.1.0 4.00 47.00 51.00 NOTE

Check Details

Version: 0.1.0
Check: LazyData
Result: NOTE 'LazyData' is specified without a 'data' directory Flavors: r-devel-linux-x86_64-debian-clang, r-devel-linux-x86_64-debian-gcc, r-devel-linux-x86_64-fedora-clang, r-devel-linux-x86_64-fedora-gcc, r-devel-windows-x86_64, r-patched-linux-x86_64, r-release-linux-x86_64, r-release-macos-arm64, r-release-macos-x86_64, r-release-windows-x86_64, r-oldrel-macos-arm64, r-oldrel-macos-x86_64, r-oldrel-windows-x86_64