Last updated on 2023-12-02 16:49:31 CET.
Flavor | Version | Tinstall | Tcheck | Ttotal | Status | Flags |
---|---|---|---|---|---|---|
r-devel-linux-x86_64-debian-clang | 0.3.4 | 2.73 | 37.34 | 40.07 | NOTE | |
r-devel-linux-x86_64-debian-gcc | 0.3.4 | 2.03 | 28.89 | 30.92 | NOTE | |
r-devel-linux-x86_64-fedora-clang | 0.3.4 | 49.60 | NOTE | |||
r-devel-linux-x86_64-fedora-gcc | 0.3.4 | 59.27 | NOTE | |||
r-devel-windows-x86_64 | 0.3.4 | 4.00 | 68.00 | 72.00 | NOTE | |
r-patched-linux-x86_64 | 0.3.4 | 2.54 | 37.08 | 39.62 | OK | |
r-release-linux-x86_64 | 0.3.4 | 2.02 | 36.68 | 38.70 | OK | |
r-release-macos-arm64 | 0.3.4 | 146.00 | OK | |||
r-release-macos-x86_64 | 0.3.4 | 145.00 | OK | |||
r-release-windows-x86_64 | 0.3.4 | 5.00 | 63.00 | 68.00 | OK | |
r-oldrel-macos-arm64 | 0.3.4 | 110.00 | OK | |||
r-oldrel-macos-x86_64 | 0.3.4 | 87.00 | OK | |||
r-oldrel-windows-x86_64 | 0.3.4 | 4.00 | 74.00 | 78.00 | OK |
Version: 0.3.4
Check: Rd \usage sections
Result: NOTE
Documented arguments not in \usage in Rd file 'TNRS_core.Rd':
‘...’
Functions with \usage entries need to have the appropriate \alias
entries, and all their arguments documented.
The \usage entries must correspond to syntactically valid R code.
See chapter ‘Writing R documentation files’ in the ‘Writing R
Extensions’ manual.
Flavors: r-devel-linux-x86_64-debian-clang, r-devel-linux-x86_64-debian-gcc, r-devel-linux-x86_64-fedora-clang, r-devel-linux-x86_64-fedora-gcc, r-devel-windows-x86_64