CRAN Package Check Results for Package TOSI

Last updated on 2024-04-15 15:57:47 CEST.

Flavor Version Tinstall Tcheck Ttotal Status Flags
r-devel-linux-x86_64-debian-clang 0.3.0 9.14 81.11 90.25 OK
r-devel-linux-x86_64-debian-gcc 0.3.0 7.01 64.96 71.97 OK
r-devel-linux-x86_64-fedora-clang 0.3.0 112.33 NOTE
r-devel-linux-x86_64-fedora-gcc 0.3.0 110.78 NOTE
r-prerel-macos-arm64 0.3.0 37.00 OK
r-prerel-windows-x86_64 0.3.0 8.00 170.00 178.00 OK
r-patched-linux-x86_64 0.3.0 8.09 81.20 89.29 OK
r-release-linux-x86_64 0.3.0 9.80 85.39 95.19 OK
r-release-macos-arm64 0.3.0 40.00 OK
r-release-macos-x86_64 0.3.0 67.00 OK
r-release-windows-x86_64 0.3.0 11.00 97.00 108.00 OK
r-oldrel-macos-arm64 0.3.0 35.00 OK
r-oldrel-windows-x86_64 0.3.0 11.00 100.00 111.00 OK

Check Details

Version: 0.3.0
Check: dependencies in R code
Result: NOTE Namespace in Imports field not imported from: ‘hdi’ All declared Imports should be used. Flavors: r-devel-linux-x86_64-fedora-clang, r-devel-linux-x86_64-fedora-gcc