Last updated on 2023-05-28 10:00:57 CEST.
Flavor | Version | Tinstall | Tcheck | Ttotal | Status | Flags |
---|---|---|---|---|---|---|
r-devel-linux-x86_64-debian-clang | 0.3.0 | 10.19 | 88.31 | 98.50 | OK | |
r-devel-linux-x86_64-debian-gcc | 0.3.0 | 7.38 | 67.83 | 75.21 | OK | |
r-devel-linux-x86_64-fedora-clang | 0.3.0 | 120.77 | NOTE | |||
r-devel-linux-x86_64-fedora-gcc | 0.3.0 | 133.01 | NOTE | |||
r-devel-windows-x86_64 | 0.3.0 | 10.00 | 141.00 | 151.00 | OK | |
r-patched-linux-x86_64 | 0.3.0 | 8.85 | 86.07 | 94.92 | OK | |
r-release-linux-x86_64 | 0.3.0 | 10.43 | 85.36 | 95.79 | OK | |
r-release-macos-arm64 | 0.3.0 | 40.00 | OK | |||
r-release-macos-x86_64 | 0.3.0 | 67.00 | OK | |||
r-release-windows-x86_64 | 0.3.0 | 12.00 | 100.00 | 112.00 | OK | |
r-oldrel-macos-arm64 | 0.3.0 | 35.00 | OK | |||
r-oldrel-macos-x86_64 | 0.3.0 | 52.00 | OK | |||
r-oldrel-windows-x86_64 | 0.3.0 | 11.00 | 100.00 | 111.00 | OK |
Version: 0.3.0
Check: dependencies in R code
Result: NOTE
Namespace in Imports field not imported from: ‘hdi’
All declared Imports should be used.
Flavors: r-devel-linux-x86_64-fedora-clang, r-devel-linux-x86_64-fedora-gcc