CRAN Package Check Results for Package TPD

Last updated on 2021-11-29 15:51:29 CET.

Flavor Version Tinstall Tcheck Ttotal Status Flags
r-devel-linux-x86_64-debian-clang 1.1.0 8.78 155.89 164.67 NOTE
r-devel-linux-x86_64-debian-gcc 1.1.0 8.34 114.01 122.35 NOTE
r-devel-linux-x86_64-fedora-clang 1.1.0 209.47 NOTE
r-devel-linux-x86_64-fedora-gcc 1.1.0 189.84 NOTE
r-devel-windows-x86_64-new-UL 1.1.0 20.00 216.00 236.00 NOTE
r-devel-windows-x86_64-new-TK 1.1.0 NOTE
r-devel-windows-x86_64-old 1.1.0 19.00 403.00 422.00 NOTE
r-patched-linux-x86_64 1.1.0 8.52 145.15 153.67 NOTE
r-patched-solaris-x86 1.1.0 198.20 NOTE
r-release-linux-x86_64 1.1.0 8.26 145.51 153.77 NOTE
r-release-macos-arm64 1.1.0 NOTE
r-release-macos-x86_64 1.1.0 NOTE
r-release-windows-ix86+x86_64 1.1.0 25.00 429.00 454.00 NOTE
r-oldrel-macos-x86_64 1.1.0 OK
r-oldrel-windows-ix86+x86_64 1.1.0 16.00 145.00 161.00 OK

Check Details

Version: 1.1.0
Check: LazyData
Result: NOTE
     'LazyData' is specified without a 'data' directory
Flavors: r-devel-linux-x86_64-debian-clang, r-devel-linux-x86_64-debian-gcc, r-devel-linux-x86_64-fedora-clang, r-devel-linux-x86_64-fedora-gcc, r-devel-windows-x86_64-new-UL, r-devel-windows-x86_64-new-TK, r-devel-windows-x86_64-old, r-patched-linux-x86_64, r-patched-solaris-x86, r-release-linux-x86_64, r-release-macos-arm64, r-release-macos-x86_64, r-release-windows-ix86+x86_64