CRAN Package Check Results for Package TPLSr

Last updated on 2022-01-25 10:53:33 CET.

Flavor Version Tinstall Tcheck Ttotal Status Flags
r-devel-linux-x86_64-debian-clang 1.0.3 29.74 77.02 106.76 OK
r-devel-linux-x86_64-debian-gcc 1.0.3 28.46 64.72 93.18 OK
r-devel-linux-x86_64-fedora-clang 1.0.3 132.97 OK
r-devel-linux-x86_64-fedora-gcc 1.0.3 121.81 OK
r-devel-windows-x86_64-new-UL 1.0.3 38.00 98.00 136.00 OK
r-devel-windows-x86_64-new-TK 1.0.3 OK
r-patched-linux-x86_64 1.0.3 28.62 73.27 101.89 OK
r-release-linux-x86_64 1.0.3 23.02 69.94 92.96 OK
r-release-macos-arm64 1.0.3 NOTE
r-release-macos-x86_64 1.0.3 OK
r-release-windows-ix86+x86_64 1.0.3 47.00 280.00 327.00 OK
r-oldrel-macos-x86_64 1.0.3 OK
r-oldrel-windows-ix86+x86_64 1.0.3 46.00 279.00 325.00 OK

Check Details

Version: 1.0.3
Check: installed package size
Result: NOTE
     installed size is 5.2Mb
     sub-directories of 1Mb or more:
     data 5.1Mb
Flavor: r-release-macos-arm64