Last updated on 2023-06-05 17:59:34 CEST.
Flavor | Version | Tinstall | Tcheck | Ttotal | Status | Flags |
---|---|---|---|---|---|---|
r-devel-linux-x86_64-debian-clang | 1.0.4 | 33.60 | 81.41 | 115.01 | OK | |
r-devel-linux-x86_64-debian-gcc | 1.0.4 | 27.74 | 63.28 | 91.02 | OK | |
r-devel-linux-x86_64-fedora-clang | 1.0.4 | 144.35 | OK | |||
r-devel-linux-x86_64-fedora-gcc | 1.0.4 | 149.90 | OK | |||
r-devel-windows-x86_64 | 1.0.4 | 31.00 | 84.00 | 115.00 | OK | |
r-patched-linux-x86_64 | 1.0.4 | 27.91 | 79.32 | 107.23 | OK | |
r-release-linux-x86_64 | 1.0.4 | 24.14 | 81.95 | 106.09 | OK | |
r-release-macos-arm64 | 1.0.4 | 70.00 | NOTE | |||
r-release-macos-x86_64 | 1.0.4 | 101.00 | NOTE | |||
r-release-windows-x86_64 | 1.0.4 | 39.00 | 94.00 | 133.00 | OK | |
r-oldrel-macos-arm64 | 1.0.4 | 63.00 | NOTE | |||
r-oldrel-macos-x86_64 | 1.0.4 | 73.00 | OK | |||
r-oldrel-windows-x86_64 | 1.0.4 | 40.00 | 101.00 | 141.00 | OK |
Version: 1.0.4
Check: installed package size
Result: NOTE
installed size is 5.3Mb
sub-directories of 1Mb or more:
data 5.1Mb
Flavors: r-release-macos-arm64, r-release-macos-x86_64, r-oldrel-macos-arm64