CRAN Package Check Results for Package TPmsm

Last updated on 2022-08-16 21:52:50 CEST.

Flavor Version Tinstall Tcheck Ttotal Status Flags
r-devel-linux-x86_64-debian-clang 1.2.5 17.55 164.18 181.73 NOTE
r-devel-linux-x86_64-debian-gcc 1.2.5 13.20 116.67 129.87 NOTE
r-devel-linux-x86_64-fedora-clang 1.2.5 230.18 NOTE
r-devel-linux-x86_64-fedora-gcc 1.2.5 204.45 NOTE
r-devel-windows-x86_64 1.2.5 53.00 215.00 268.00 OK
r-patched-linux-x86_64 1.2.5 16.21 143.85 160.06 NOTE
r-release-linux-x86_64 1.2.5 15.30 145.35 160.65 NOTE
r-release-macos-arm64 1.2.5 65.00 OK
r-release-macos-x86_64 1.2.5 77.00 OK
r-release-windows-x86_64 1.2.5 63.00 230.00 293.00 OK
r-oldrel-macos-arm64 1.2.5 71.00 OK
r-oldrel-macos-x86_64 1.2.5 81.00 OK
r-oldrel-windows-ix86+x86_64 1.2.5 57.00 241.00 298.00 OK

Check Details

Version: 1.2.5
Check: package dependencies
Result: NOTE
    Package which this enhances but not available for checking: 'p3state.msm'
Flavors: r-devel-linux-x86_64-debian-clang, r-devel-linux-x86_64-debian-gcc, r-devel-linux-x86_64-fedora-clang, r-devel-linux-x86_64-fedora-gcc, r-patched-linux-x86_64, r-release-linux-x86_64