CRAN Package Check Results for Package TREXr

Last updated on 2021-10-22 13:57:27 CEST.

Flavor Version Tinstall Tcheck Ttotal Status Flags
r-devel-linux-x86_64-debian-clang 1.0.0 14.82 65.19 80.01 OK
r-devel-linux-x86_64-debian-gcc 1.0.0 13.50 48.88 62.38 OK
r-devel-linux-x86_64-fedora-clang 1.0.0 113.52 NOTE
r-devel-linux-x86_64-fedora-gcc 1.0.0 102.19 NOTE
r-devel-windows-x86_64 1.0.0 24.00 79.00 103.00 OK
r-devel-windows-x86_64-gcc10-UCRT 1.0.0 NOTE
r-patched-linux-x86_64 1.0.0 15.48 63.92 79.40 OK
r-patched-solaris-x86 1.0.0 125.00 NOTE
r-release-linux-x86_64 1.0.0 14.91 64.01 78.92 OK
r-release-macos-arm64 1.0.0 NOTE
r-release-macos-x86_64 1.0.0 NOTE
r-release-windows-ix86+x86_64 1.0.0 18.00 78.00 96.00 OK
r-oldrel-macos-x86_64 1.0.0 NOTE
r-oldrel-windows-ix86+x86_64 1.0.0 28.00 83.00 111.00 OK

Check Details

Version: 1.0.0
Check: dependencies in R code
Result: NOTE
    Namespaces in Imports field not imported from:
     ‘boot’ ‘chron’ ‘randtoolbox’
     All declared Imports should be used.
Flavors: r-devel-linux-x86_64-fedora-clang, r-devel-linux-x86_64-fedora-gcc, r-devel-windows-x86_64-gcc10-UCRT, r-patched-solaris-x86, r-release-macos-arm64, r-release-macos-x86_64, r-oldrel-macos-x86_64