CRAN Package Check Results for Package TROM

Last updated on 2019-08-22 04:47:34 CEST.

Flavor Version Tinstall Tcheck Ttotal Status Flags
r-devel-linux-x86_64-debian-clang 1.3 16.21 128.49 144.70 OK
r-devel-linux-x86_64-debian-gcc 1.3 14.88 99.18 114.06 OK
r-devel-linux-x86_64-fedora-clang 1.3 179.42 OK
r-devel-linux-x86_64-fedora-gcc 1.3 169.91 OK
r-devel-windows-ix86+x86_64 1.3 43.00 186.00 229.00 OK
r-patched-linux-x86_64 1.3 15.62 123.21 138.83 OK
r-patched-solaris-x86 1.3 248.80 OK
r-release-linux-x86_64 1.3 14.01 123.88 137.89 OK
r-release-windows-ix86+x86_64 1.3 43.00 187.00 230.00 OK
r-release-osx-x86_64 1.3 ERROR
r-oldrel-windows-ix86+x86_64 1.3 23.00 163.00 186.00 OK
r-oldrel-osx-x86_64 1.3 OK

Check Details

Version: 1.3
Check: package dependencies
Result: ERROR
    Packages required but not available: 'AnnotationDbi', 'GO.db', 'topGO'
    
    See section ‘The DESCRIPTION file’ in the ‘Writing R Extensions’
    manual.
Flavor: r-release-osx-x86_64