Last updated on 2023-03-24 06:50:52 CET.
Flavor | Version | Tinstall | Tcheck | Ttotal | Status | Flags |
---|---|---|---|---|---|---|
r-devel-linux-x86_64-debian-clang | 1.3.1 | 15.00 | 120.27 | 135.27 | OK | |
r-devel-linux-x86_64-debian-gcc | 1.3.1 | 11.12 | 93.06 | 104.18 | OK | |
r-devel-linux-x86_64-fedora-clang | 1.3.1 | 170.30 | NOTE | |||
r-devel-linux-x86_64-fedora-gcc | 1.3.1 | 171.64 | NOTE | |||
r-devel-windows-x86_64 | 1.3.1 | 88.00 | 396.00 | 484.00 | OK | |
r-patched-linux-x86_64 | 1.3.1 | 15.92 | 116.25 | 132.17 | OK | |
r-release-linux-x86_64 | 1.3.1 | 14.69 | 114.48 | 129.17 | OK | |
r-release-macos-arm64 | 1.3.1 | 51.00 | NOTE | |||
r-release-macos-x86_64 | 1.3.1 | 72.00 | NOTE | |||
r-release-windows-x86_64 | 1.3.1 | 42.00 | 183.00 | 225.00 | OK | |
r-oldrel-macos-arm64 | 1.3.1 | 50.00 | NOTE | |||
r-oldrel-macos-x86_64 | 1.3.1 | 67.00 | NOTE | |||
r-oldrel-windows-ix86+x86_64 | 1.3.1 | 27.00 | 163.00 | 190.00 | OK |
Version: 1.3.1
Check: dependencies in R code
Result: NOTE
Namespace in Imports field not imported from: ‘tseries’
All declared Imports should be used.
Flavors: r-devel-linux-x86_64-fedora-clang, r-devel-linux-x86_64-fedora-gcc, r-release-macos-arm64, r-release-macos-x86_64, r-oldrel-macos-arm64, r-oldrel-macos-x86_64