CRAN Package Check Results for Package TSDFGS

Last updated on 2020-01-18 02:47:58 CET.

Flavor Version Tinstall Tcheck Ttotal Status Flags
r-devel-linux-x86_64-debian-clang 1.0 31.31 27.91 59.22 OK
r-devel-linux-x86_64-debian-gcc 1.0 23.38 22.89 46.27 OK
r-devel-linux-x86_64-fedora-clang 1.0 81.95 NOTE
r-devel-linux-x86_64-fedora-gcc 1.0 78.37 OK
r-devel-windows-ix86+x86_64 1.0 78.00 79.00 157.00 OK
r-devel-windows-ix86+x86_64-gcc8 1.0 60.00 72.00 132.00 OK
r-patched-linux-x86_64 1.0 27.96 27.17 55.13 OK
r-patched-solaris-x86 1.0 83.90 OK
r-release-linux-x86_64 1.0 27.22 26.11 53.33 OK
r-release-windows-ix86+x86_64 1.0 72.00 58.00 130.00 OK
r-release-osx-x86_64 1.0 NOTE
r-oldrel-windows-ix86+x86_64 1.0 64.00 58.00 122.00 OK
r-oldrel-osx-x86_64 1.0 NOTE

Check Details

Version: 1.0
Check: installed package size
Result: NOTE
     installed size is 8.8Mb
     sub-directories of 1Mb or more:
     data 1.2Mb
     libs 7.5Mb
Flavors: r-devel-linux-x86_64-fedora-clang, r-release-osx-x86_64, r-oldrel-osx-x86_64