CRAN Package Check Results for Package TSDFGS

Last updated on 2019-09-18 06:49:58 CEST.

Flavor Version Tinstall Tcheck Ttotal Status Flags
r-devel-linux-x86_64-debian-clang 1.0 27.74 25.98 53.72 OK
r-devel-linux-x86_64-debian-gcc 1.0 24.23 21.51 45.74 OK
r-devel-linux-x86_64-fedora-clang 1.0 78.76 NOTE
r-devel-linux-x86_64-fedora-gcc 1.0 76.58 OK
r-devel-windows-ix86+x86_64 1.0 70.00 57.00 127.00 OK
r-patched-linux-x86_64 1.0 27.68 26.24 53.92 OK
r-patched-solaris-x86 1.0 84.60 OK
r-release-linux-x86_64 1.0 27.55 26.05 53.60 OK
r-release-windows-ix86+x86_64 1.0 47.00 57.00 104.00 OK
r-release-osx-x86_64 1.0 NOTE
r-oldrel-windows-ix86+x86_64 1.0 60.00 53.00 113.00 OK
r-oldrel-osx-x86_64 1.0 NOTE

Check Details

Version: 1.0
Check: installed package size
Result: NOTE
     installed size is 8.8Mb
     sub-directories of 1Mb or more:
     data 1.2Mb
     libs 7.5Mb
Flavors: r-devel-linux-x86_64-fedora-clang, r-release-osx-x86_64, r-oldrel-osx-x86_64