CRAN Package Check Results for Package TSDFGS

Last updated on 2020-02-23 04:46:45 CET.

Flavor Version Tinstall Tcheck Ttotal Status Flags
r-devel-linux-x86_64-debian-clang 1.0 31.14 30.12 61.26 OK
r-devel-linux-x86_64-debian-gcc 1.0 22.15 23.02 45.17 OK
r-devel-linux-x86_64-fedora-clang 1.0 82.26 NOTE
r-devel-linux-x86_64-fedora-gcc 1.0 84.81 OK
r-devel-windows-ix86+x86_64 1.0 51.00 57.00 108.00 OK
r-devel-windows-ix86+x86_64-gcc8 1.0 84.00 88.00 172.00 OK
r-patched-linux-x86_64 1.0 OK
r-patched-solaris-x86 1.0 84.30 OK
r-release-linux-x86_64 1.0 28.48 27.05 55.53 OK
r-release-windows-ix86+x86_64 1.0 50.00 60.00 110.00 OK
r-release-osx-x86_64 1.0 NOTE
r-oldrel-windows-ix86+x86_64 1.0 54.00 58.00 112.00 OK
r-oldrel-osx-x86_64 1.0 NOTE

Check Details

Version: 1.0
Check: installed package size
Result: NOTE
     installed size is 8.8Mb
     sub-directories of 1Mb or more:
     data 1.2Mb
     libs 7.5Mb
Flavors: r-devel-linux-x86_64-fedora-clang, r-release-osx-x86_64, r-oldrel-osx-x86_64