CRAN Package Check Results for Package TSDFGS

Last updated on 2019-12-14 01:54:01 CET.

Flavor Version Tinstall Tcheck Ttotal Status Flags
r-devel-linux-x86_64-debian-clang 1.0 32.33 28.40 60.73 OK
r-devel-linux-x86_64-debian-gcc 1.0 22.70 22.98 45.68 OK
r-devel-linux-x86_64-fedora-clang 1.0 81.82 NOTE
r-devel-linux-x86_64-fedora-gcc 1.0 77.53 OK
r-devel-windows-ix86+x86_64 1.0 54.00 87.00 141.00 OK
r-devel-windows-ix86+x86_64-gcc8 1.0 56.00 81.00 137.00 OK
r-patched-linux-x86_64 1.0 25.54 26.60 52.14 OK
r-patched-solaris-x86 1.0 84.00 OK
r-release-linux-x86_64 1.0 26.24 26.57 52.81 OK
r-release-windows-ix86+x86_64 1.0 50.00 54.00 104.00 OK
r-release-osx-x86_64 1.0 NOTE
r-oldrel-windows-ix86+x86_64 1.0 47.00 54.00 101.00 OK
r-oldrel-osx-x86_64 1.0 NOTE

Check Details

Version: 1.0
Check: installed package size
Result: NOTE
     installed size is 8.8Mb
     sub-directories of 1Mb or more:
     data 1.2Mb
     libs 7.5Mb
Flavors: r-devel-linux-x86_64-fedora-clang, r-release-osx-x86_64, r-oldrel-osx-x86_64