CRAN Package Check Results for Package TSDFGS

Last updated on 2020-08-09 15:48:01 CEST.

Flavor Version Tinstall Tcheck Ttotal Status Flags
r-devel-linux-x86_64-debian-clang 1.0 32.38 31.41 63.79 OK
r-devel-linux-x86_64-debian-gcc 1.0 26.43 23.20 49.63 OK
r-devel-linux-x86_64-fedora-clang 1.0 94.14 NOTE
r-devel-linux-x86_64-fedora-gcc 1.0 80.27 OK
r-devel-windows-ix86+x86_64 1.0 78.00 77.00 155.00 OK
r-patched-linux-x86_64 1.0 31.00 29.81 60.81 OK
r-patched-solaris-x86 1.0 88.20 OK
r-release-linux-x86_64 1.0 27.58 29.47 57.05 OK
r-release-macos-x86_64 1.0 NOTE
r-release-windows-ix86+x86_64 1.0 80.00 65.00 145.00 OK
r-oldrel-macos-x86_64 1.0 NOTE
r-oldrel-windows-ix86+x86_64 1.0 50.00 74.00 124.00 OK

Check Details

Version: 1.0
Check: installed package size
Result: NOTE
     installed size is 9.1Mb
     sub-directories of 1Mb or more:
     data 1.2Mb
     libs 7.7Mb
Flavors: r-devel-linux-x86_64-fedora-clang, r-release-macos-x86_64, r-oldrel-macos-x86_64

Version: 1.0
Check: Rd cross-references
Result: NOTE
    Undeclared package ‘STPGA’ in Rd xrefs
Flavor: r-devel-linux-x86_64-fedora-clang