CRAN Package Check Results for Package TSE

Last updated on 2020-03-28 21:48:03 CET.

Flavor Version Tinstall Tcheck Ttotal Status Flags
r-devel-linux-x86_64-debian-clang 0.1.0 OK
r-devel-linux-x86_64-debian-gcc 0.1.0 2.06 16.82 18.88 OK
r-devel-linux-x86_64-fedora-clang 0.1.0 29.72 NOTE
r-devel-linux-x86_64-fedora-gcc 0.1.0 28.35 NOTE
r-devel-windows-ix86+x86_64 0.1.0 6.00 32.00 38.00 OK
r-devel-windows-ix86+x86_64-gcc8 0.1.0 7.00 32.00 39.00 OK
r-patched-linux-x86_64 0.1.0 2.53 20.99 23.52 OK
r-patched-solaris-x86 0.1.0 44.00 NOTE
r-release-linux-x86_64 0.1.0 2.00 19.24 21.24 OK
r-release-windows-ix86+x86_64 0.1.0 8.00 46.00 54.00 OK
r-release-osx-x86_64 0.1.0 NOTE
r-oldrel-windows-ix86+x86_64 0.1.0 5.00 46.00 51.00 OK
r-oldrel-osx-x86_64 0.1.0 NOTE

Check Details

Version: 0.1.0
Check: dependencies in R code
Result: NOTE
    Namespace in Imports field not imported from: ‘stats’
     All declared Imports should be used.
Flavors: r-devel-linux-x86_64-fedora-clang, r-devel-linux-x86_64-fedora-gcc, r-patched-solaris-x86, r-release-osx-x86_64, r-oldrel-osx-x86_64