CRAN Package Check Results for Package TSEntropies

Last updated on 2021-12-05 03:59:43 CET.

Flavor Version Tinstall Tcheck Ttotal Status Flags
r-devel-linux-x86_64-debian-clang 0.9 3.42 36.59 40.01 NOTE
r-devel-linux-x86_64-debian-gcc 0.9 2.28 27.96 30.24 NOTE
r-devel-linux-x86_64-fedora-clang 0.9 50.45 NOTE
r-devel-linux-x86_64-fedora-gcc 0.9 38.06 NOTE
r-devel-windows-x86_64-new-UL 0.9 12.00 269.00 281.00 NOTE
r-devel-windows-x86_64-new-TK 0.9 NOTE
r-devel-windows-x86_64-old 0.9 7.00 100.00 107.00 NOTE
r-patched-linux-x86_64 0.9 3.19 27.51 30.70 NOTE
r-release-linux-x86_64 0.9 2.81 27.21 30.02 NOTE
r-release-macos-arm64 0.9 NOTE
r-release-macos-x86_64 0.9 NOTE
r-release-windows-ix86+x86_64 0.9 11.00 57.00 68.00 NOTE
r-oldrel-macos-x86_64 0.9 OK
r-oldrel-windows-ix86+x86_64 0.9 9.00 57.00 66.00 OK

Check Details

Version: 0.9
Check: LazyData
Result: NOTE
     'LazyData' is specified without a 'data' directory
Flavors: r-devel-linux-x86_64-debian-clang, r-devel-linux-x86_64-debian-gcc, r-devel-linux-x86_64-fedora-clang, r-devel-linux-x86_64-fedora-gcc, r-devel-windows-x86_64-new-UL, r-devel-windows-x86_64-new-TK, r-devel-windows-x86_64-old, r-patched-linux-x86_64, r-release-linux-x86_64, r-release-macos-arm64, r-release-macos-x86_64, r-release-windows-ix86+x86_64