CRAN Package Check Results for Package TSEwgt

Last updated on 2023-02-09 08:55:18 CET.

Flavor Version Tinstall Tcheck Ttotal Status Flags
r-devel-linux-x86_64-debian-clang 0.1.0 2.72 25.37 28.09 OK
r-devel-linux-x86_64-debian-gcc 0.1.0 2.01 19.35 21.36 OK
r-devel-linux-x86_64-fedora-clang 0.1.0 35.30 NOTE
r-devel-linux-x86_64-fedora-gcc 0.1.0 33.70 NOTE
r-devel-windows-x86_64 0.1.0 12.00 55.00 67.00 OK
r-patched-linux-x86_64 0.1.0 2.56 24.64 27.20 OK
r-release-linux-x86_64 0.1.0 2.59 24.10 26.69 OK
r-release-macos-arm64 0.1.0 16.00 NOTE
r-release-macos-x86_64 0.1.0 20.00 NOTE
r-release-windows-x86_64 0.1.0 13.00 120.00 133.00 OK
r-oldrel-macos-arm64 0.1.0 19.00 NOTE
r-oldrel-macos-x86_64 0.1.0 27.00 NOTE
r-oldrel-windows-ix86+x86_64 0.1.0 6.00 52.00 58.00 OK

Check Details

Version: 0.1.0
Check: dependencies in R code
Result: NOTE
    Namespace in Imports field not imported from: ‘stats’
     All declared Imports should be used.
Flavors: r-devel-linux-x86_64-fedora-clang, r-devel-linux-x86_64-fedora-gcc, r-release-macos-arm64, r-release-macos-x86_64, r-oldrel-macos-arm64, r-oldrel-macos-x86_64