Last updated on 2023-06-06 17:58:55 CEST.
Flavor | Version | Tinstall | Tcheck | Ttotal | Status | Flags |
---|---|---|---|---|---|---|
r-devel-linux-x86_64-debian-clang | 0.1.1 | 6.57 | 79.73 | 86.30 | NOTE | |
r-devel-linux-x86_64-debian-gcc | 0.1.1 | 5.11 | 58.12 | 63.23 | NOTE | |
r-devel-linux-x86_64-fedora-clang | 0.1.1 | 103.72 | NOTE | |||
r-devel-linux-x86_64-fedora-gcc | 0.1.1 | 98.16 | NOTE | |||
r-devel-windows-x86_64 | 0.1.1 | 8.00 | 81.00 | 89.00 | NOTE | |
r-patched-linux-x86_64 | 0.1.1 | 5.48 | 73.11 | 78.59 | NOTE | |
r-release-linux-x86_64 | 0.1.1 | 4.50 | 74.26 | 78.76 | NOTE | |
r-release-macos-arm64 | 0.1.1 | 34.00 | NOTE | |||
r-release-macos-x86_64 | 0.1.1 | 52.00 | NOTE | |||
r-release-windows-x86_64 | 0.1.1 | 9.00 | 91.00 | 100.00 | NOTE | |
r-oldrel-macos-arm64 | 0.1.1 | 36.00 | NOTE | |||
r-oldrel-macos-x86_64 | 0.1.1 | 65.00 | NOTE | |||
r-oldrel-windows-x86_64 | 0.1.1 | 9.00 | 95.00 | 104.00 | NOTE |
Version: 0.1.1
Check: LazyData
Result: NOTE
'LazyData' is specified without a 'data' directory
Flavors: r-devel-linux-x86_64-debian-clang, r-devel-linux-x86_64-debian-gcc, r-devel-linux-x86_64-fedora-clang, r-devel-linux-x86_64-fedora-gcc, r-devel-windows-x86_64, r-patched-linux-x86_64, r-release-linux-x86_64, r-release-macos-arm64, r-release-macos-x86_64, r-release-windows-x86_64, r-oldrel-macos-arm64, r-oldrel-macos-x86_64, r-oldrel-windows-x86_64