Last updated on 2023-06-07 12:00:50 CEST.
Flavor | Version | Tinstall | Tcheck | Ttotal | Status | Flags |
---|---|---|---|---|---|---|
r-devel-linux-x86_64-debian-clang | 0.1 | 8.65 | 92.20 | 100.85 | NOTE | |
r-devel-linux-x86_64-debian-gcc | 0.1 | 7.34 | 71.65 | 78.99 | NOTE | |
r-devel-linux-x86_64-fedora-clang | 0.1 | 126.35 | NOTE | |||
r-devel-linux-x86_64-fedora-gcc | 0.1 | 118.67 | NOTE | |||
r-devel-windows-x86_64 | 0.1 | 9.00 | 84.00 | 93.00 | NOTE | |
r-patched-linux-x86_64 | 0.1 | 9.59 | 88.07 | 97.66 | NOTE | |
r-release-linux-x86_64 | 0.1 | 8.13 | 88.50 | 96.63 | NOTE | |
r-release-macos-arm64 | 0.1 | 40.00 | NOTE | |||
r-release-macos-x86_64 | 0.1 | 65.00 | NOTE | |||
r-release-windows-x86_64 | 0.1 | 10.00 | 98.00 | 108.00 | NOTE | |
r-oldrel-macos-arm64 | 0.1 | 33.00 | NOTE | |||
r-oldrel-macos-x86_64 | 0.1 | 53.00 | NOTE | |||
r-oldrel-windows-x86_64 | 0.1 | 10.00 | 101.00 | 111.00 | NOTE |
Version: 0.1
Check: LazyData
Result: NOTE
'LazyData' is specified without a 'data' directory
Flavors: r-devel-linux-x86_64-debian-clang, r-devel-linux-x86_64-debian-gcc, r-devel-linux-x86_64-fedora-clang, r-devel-linux-x86_64-fedora-gcc, r-devel-windows-x86_64, r-patched-linux-x86_64, r-release-linux-x86_64, r-release-macos-arm64, r-release-macos-x86_64, r-release-windows-x86_64, r-oldrel-macos-arm64, r-oldrel-macos-x86_64, r-oldrel-windows-x86_64