CRAN Package Check Results for Package TSMSN

Last updated on 2021-11-30 02:51:16 CET.

Flavor Version Tinstall Tcheck Ttotal Status Flags
r-devel-linux-x86_64-debian-clang 0.0.1 3.65 28.81 32.46 NOTE
r-devel-linux-x86_64-debian-gcc 0.0.1 2.78 21.99 24.77 NOTE
r-devel-linux-x86_64-fedora-clang 0.0.1 51.56 NOTE
r-devel-linux-x86_64-fedora-gcc 0.0.1 38.37 NOTE
r-devel-windows-x86_64-new-UL 0.0.1 10.00 67.00 77.00 NOTE
r-devel-windows-x86_64-new-TK 0.0.1 NOTE
r-devel-windows-x86_64-old 0.0.1 7.00 39.00 46.00 NOTE
r-patched-linux-x86_64 0.0.1 4.13 27.42 31.55 NOTE
r-patched-solaris-x86 0.0.1 61.20 NOTE
r-release-linux-x86_64 0.0.1 3.66 27.55 31.21 NOTE
r-release-macos-arm64 0.0.1 NOTE
r-release-macos-x86_64 0.0.1 NOTE
r-release-windows-ix86+x86_64 0.0.1 8.00 35.00 43.00 NOTE
r-oldrel-macos-x86_64 0.0.1 OK
r-oldrel-windows-ix86+x86_64 0.0.1 5.00 45.00 50.00 OK

Check Details

Version: 0.0.1
Check: LazyData
Result: NOTE
     'LazyData' is specified without a 'data' directory
Flavors: r-devel-linux-x86_64-debian-clang, r-devel-linux-x86_64-debian-gcc, r-devel-linux-x86_64-fedora-clang, r-devel-linux-x86_64-fedora-gcc, r-devel-windows-x86_64-new-UL, r-devel-windows-x86_64-new-TK, r-devel-windows-x86_64-old, r-patched-linux-x86_64, r-patched-solaris-x86, r-release-linux-x86_64, r-release-macos-arm64, r-release-macos-x86_64, r-release-windows-ix86+x86_64