CRAN Package Check Results for Package TSMSN

Last updated on 2023-06-07 16:55:46 CEST.

Flavor Version Tinstall Tcheck Ttotal Status Flags
r-devel-linux-x86_64-debian-clang 0.0.1 3.38 28.85 32.23 NOTE
r-devel-linux-x86_64-debian-gcc 0.0.1 2.91 22.63 25.54 NOTE
r-devel-linux-x86_64-fedora-clang 0.0.1 40.29 NOTE
r-devel-linux-x86_64-fedora-gcc 0.0.1 37.21 NOTE
r-devel-windows-x86_64 0.0.1 5.00 44.00 49.00 NOTE
r-patched-linux-x86_64 0.0.1 3.63 28.11 31.74 NOTE
r-release-linux-x86_64 0.0.1 3.35 27.81 31.16 NOTE
r-release-macos-arm64 0.0.1 20.00 NOTE
r-release-macos-x86_64 0.0.1 24.00 NOTE
r-release-windows-x86_64 0.0.1 5.00 45.00 50.00 NOTE
r-oldrel-macos-arm64 0.0.1 16.00 NOTE
r-oldrel-macos-x86_64 0.0.1 25.00 NOTE
r-oldrel-windows-x86_64 0.0.1 5.00 54.00 59.00 NOTE

Check Details

Version: 0.0.1
Check: LazyData
Result: NOTE
     'LazyData' is specified without a 'data' directory
Flavors: r-devel-linux-x86_64-debian-clang, r-devel-linux-x86_64-debian-gcc, r-devel-linux-x86_64-fedora-clang, r-devel-linux-x86_64-fedora-gcc, r-devel-windows-x86_64, r-patched-linux-x86_64, r-release-linux-x86_64, r-release-macos-arm64, r-release-macos-x86_64, r-release-windows-x86_64, r-oldrel-macos-arm64, r-oldrel-macos-x86_64, r-oldrel-windows-x86_64