CRAN Package Check Results for Package TSS.RESTREND

Last updated on 2024-02-25 14:48:35 CET.

Flavor Version Tinstall Tcheck Ttotal Status Flags
r-devel-linux-x86_64-debian-clang 0.3.1 11.94 88.16 100.10 OK
r-devel-linux-x86_64-debian-gcc 0.3.1 8.97 65.92 74.89 OK
r-devel-linux-x86_64-fedora-clang 0.3.1 120.32 NOTE
r-devel-linux-x86_64-fedora-gcc 0.3.1 113.60 OK
r-devel-windows-x86_64 0.3.1 10.00 83.00 93.00 OK
r-patched-linux-x86_64 0.3.1 8.71 83.83 92.54 OK
r-release-linux-x86_64 0.3.1 8.59 83.24 91.83 OK
r-release-macos-arm64 0.3.1 38.00 OK
r-release-macos-x86_64 0.3.1 58.00 OK
r-release-windows-x86_64 0.3.1 14.00 297.00 311.00 OK
r-oldrel-macos-arm64 0.3.1 36.00 OK
r-oldrel-windows-x86_64 0.3.1 15.00 100.00 115.00 OK

Check Details

Version: 0.3.1
Check: Rd cross-references
Result: NOTE Undeclared package ‘gimms’ in Rd xrefs Flavor: r-devel-linux-x86_64-fedora-clang