CRAN Package Check Results for Package TSTr

Last updated on 2020-03-30 09:51:46 CEST.

Flavor Version Tinstall Tcheck Ttotal Status Flags
r-devel-linux-x86_64-debian-clang 1.2 3.27 35.96 39.23 NOTE
r-devel-linux-x86_64-debian-gcc 1.2 2.97 27.02 29.99 NOTE
r-devel-linux-x86_64-fedora-clang 1.2 48.53 NOTE
r-devel-linux-x86_64-fedora-gcc 1.2 44.60 NOTE
r-devel-windows-ix86+x86_64 1.2 8.00 45.00 53.00 OK
r-devel-windows-ix86+x86_64-gcc8 1.2 8.00 46.00 54.00 OK
r-patched-linux-x86_64 1.2 3.31 33.17 36.48 NOTE
r-patched-solaris-x86 1.2 69.60 NOTE
r-release-linux-x86_64 1.2 2.46 31.95 34.41 OK
r-release-windows-ix86+x86_64 1.2 15.00 66.00 81.00 OK
r-release-osx-x86_64 1.2 OK
r-oldrel-windows-ix86+x86_64 1.2 7.00 63.00 70.00 OK
r-oldrel-osx-x86_64 1.2 OK

Check Details

Version: 1.2
Check: for non-standard things in the check directory
Result: NOTE
    Found the following files/directories:
     'XMIwords.txt'
Flavors: r-devel-linux-x86_64-debian-clang, r-devel-linux-x86_64-debian-gcc, r-devel-linux-x86_64-fedora-clang, r-devel-linux-x86_64-fedora-gcc, r-patched-linux-x86_64, r-patched-solaris-x86