Last updated on 2023-06-06 23:58:45 CEST.
Flavor | Version | Tinstall | Tcheck | Ttotal | Status | Flags |
---|---|---|---|---|---|---|
r-devel-linux-x86_64-debian-clang | 1.3.1 | 13.96 | 118.53 | 132.49 | OK | |
r-devel-linux-x86_64-debian-gcc | 1.3.1 | 10.16 | 89.34 | 99.50 | OK | |
r-devel-linux-x86_64-fedora-clang | 1.3.1 | 164.36 | NOTE | |||
r-devel-linux-x86_64-fedora-gcc | 1.3.1 | 153.40 | OK | |||
r-devel-windows-x86_64 | 1.3.1 | 13.00 | 107.00 | 120.00 | OK | |
r-patched-linux-x86_64 | 1.3.1 | 17.35 | 112.81 | 130.16 | OK | |
r-release-linux-x86_64 | 1.3.1 | 9.01 | 112.50 | 121.51 | OK | |
r-release-macos-arm64 | 1.3.1 | 48.00 | OK | |||
r-release-macos-x86_64 | 1.3.1 | 82.00 | NOTE | |||
r-release-windows-x86_64 | 1.3.1 | 15.00 | 122.00 | 137.00 | OK | |
r-oldrel-macos-arm64 | 1.3.1 | 81.00 | OK | |||
r-oldrel-macos-x86_64 | 1.3.1 | 145.00 | OK | |||
r-oldrel-windows-x86_64 | 1.3.1 | 15.00 | 125.00 | 140.00 | OK |
Version: 1.3.1
Check: Rd cross-references
Result: NOTE
Undeclared packages ‘fpc’, ‘clValid’, ‘clv’ in Rd xrefs
Flavor: r-devel-linux-x86_64-fedora-clang
Version: 1.3.1
Check: Rd cross-references
Result: NOTE
Package unavailable to check Rd xrefs: ‘fpc’
Flavor: r-release-macos-x86_64