Last updated on 2025-01-17 20:49:40 CET.
Flavor | Version | Tinstall | Tcheck | Ttotal | Status | Flags |
---|---|---|---|---|---|---|
r-devel-linux-x86_64-debian-clang | 0.1.0 | 13.12 | 98.79 | 111.91 | OK | |
r-devel-linux-x86_64-debian-gcc | 0.1.0 | 9.55 | 70.93 | 80.48 | OK | |
r-devel-linux-x86_64-fedora-clang | 0.1.0 | 178.47 | NOTE | |||
r-devel-linux-x86_64-fedora-gcc | 0.1.0 | 175.98 | NOTE | |||
r-devel-windows-x86_64 | 0.1.0 | 14.00 | 100.00 | 114.00 | OK | |
r-patched-linux-x86_64 | 0.1.0 | 12.19 | 89.60 | 101.79 | OK | |
r-release-linux-x86_64 | 0.1.0 | 9.93 | 89.77 | 99.70 | OK | |
r-release-macos-arm64 | 0.1.0 | 48.00 | OK | |||
r-release-macos-x86_64 | 0.1.0 | 69.00 | OK | |||
r-release-windows-x86_64 | 0.1.0 | 13.00 | 254.00 | 267.00 | OK | |
r-oldrel-macos-arm64 | 0.1.0 | 54.00 | OK | |||
r-oldrel-macos-x86_64 | 0.1.0 | 64.00 | OK | |||
r-oldrel-windows-x86_64 | 0.1.0 | 16.00 | 243.00 | 259.00 | OK |
Version: 0.1.0
Check: dependencies in R code
Result: NOTE
Namespaces in Imports field not imported from:
‘reticulate’ ‘tensorflow’
All declared Imports should be used.
Flavors: r-devel-linux-x86_64-fedora-clang, r-devel-linux-x86_64-fedora-gcc