CRAN Package Check Results for Package TSplotly

Last updated on 2019-11-13 04:46:42 CET.

Flavor Version Tinstall Tcheck Ttotal Status Flags
r-devel-linux-x86_64-debian-clang 1.1.1 10.14 101.83 111.97 OK
r-devel-linux-x86_64-debian-gcc 1.1.1 8.06 73.60 81.66 OK
r-devel-linux-x86_64-fedora-clang 1.1.1 134.61 NOTE
r-devel-linux-x86_64-fedora-gcc 1.1.1 126.64 OK
r-devel-windows-ix86+x86_64 1.1.1 36.00 167.00 203.00 NOTE
r-patched-linux-x86_64 1.1.1 8.91 95.85 104.76 OK
r-patched-solaris-x86 1.1.1 175.80 WARN
r-release-linux-x86_64 1.1.1 8.98 96.01 104.99 OK
r-release-windows-ix86+x86_64 1.1.1 35.00 125.00 160.00 NOTE
r-release-osx-x86_64 1.1.1 WARN
r-oldrel-windows-ix86+x86_64 1.1.1 14.00 184.00 198.00 NOTE
r-oldrel-osx-x86_64 1.1.1 WARN

Check Details

Version: 1.1.1
Check: installed package size
Result: NOTE
     installed size is 5.1Mb
     sub-directories of 1Mb or more:
     doc 4.8Mb
Flavors: r-devel-linux-x86_64-fedora-clang, r-devel-windows-ix86+x86_64, r-patched-solaris-x86, r-release-windows-ix86+x86_64, r-release-osx-x86_64, r-oldrel-windows-ix86+x86_64, r-oldrel-osx-x86_64

Version: 1.1.1
Check: re-building of vignette outputs
Result: WARN
    Error(s) in re-building vignettes:
     ...
    --- re-building ‘TSplotly.Rmd’ using rmarkdown
    Warning in engine$weave(file, quiet = quiet, encoding = enc) :
     Pandoc (>= 1.12.3) and/or pandoc-citeproc not available. Falling back to R Markdown v1.
    Loading required package: TSplotly
    Loading required package: zoo
    
    Attaching package: 'zoo'
    
    The following objects are masked from 'package:base':
    
     as.Date, as.Date.numeric
    
    Loading required package: ggplot2
    Loading required package: plotly
    
    Attaching package: 'plotly'
    
    The following object is masked from 'package:ggplot2':
    
     last_plot
    
    The following object is masked from 'package:stats':
    
     filter
    
    The following object is masked from 'package:graphics':
    
     layout
    
    Loading required package: forecast
    Quitting from lines 99-117 (TSplotly.Rmd)
    Error: processing vignette 'TSplotly.Rmd' failed with diagnostics:
    there is no package called 'webshot'
    --- failed re-building ‘TSplotly.Rmd’
    
    SUMMARY: processing the following file failed:
     ‘TSplotly.Rmd’
    
    Error: Vignette re-building failed.
    Execution halted
Flavor: r-patched-solaris-x86

Version: 1.1.1
Check: re-building of vignette outputs
Result: WARN
    Error(s) in re-building vignettes:
    --- re-building ‘TSplotly.Rmd’ using rmarkdown
    Warning in engine$weave(file, quiet = quiet, encoding = enc) :
     Pandoc (>= 1.12.3) and/or pandoc-citeproc not available. Falling back to R Markdown v1.
    Loading required package: TSplotly
    Loading required package: zoo
    
    Attaching package: 'zoo'
    
    The following objects are masked from 'package:base':
    
     as.Date, as.Date.numeric
    
    Loading required package: ggplot2
    Loading required package: plotly
    
    Attaching package: 'plotly'
    
    The following object is masked from 'package:ggplot2':
    
     last_plot
    
    The following object is masked from 'package:stats':
    
     filter
    
    The following object is masked from 'package:graphics':
    
     layout
    
    Loading required package: forecast
    PhantomJS not found. You can install it with webshot::install_phantomjs(). If it is installed, please make sure the phantomjs executable can be found via the PATH variable.
    Warning in normalizePath(f2) :
     path[1]="webshota8915d600bdd.png": No such file or directory
    Warning in file(con, "rb") :
     cannot open file 'webshota8915d600bdd.png': No such file or directory
    Quitting from lines 99-117 (TSplotly.Rmd)
    Error: processing vignette 'TSplotly.Rmd' failed with diagnostics:
    cannot open the connection
    --- failed re-building ‘TSplotly.Rmd’
    
    SUMMARY: processing the following file failed:
     ‘TSplotly.Rmd’
    
    Error: Vignette re-building failed.
    Execution halted
Flavor: r-release-osx-x86_64

Version: 1.1.1
Check: re-building of vignette outputs
Result: WARN
    Error in re-building vignettes:
     ...
    
    Attaching package: 'plotly'
    
    The following object is masked from 'package:ggplot2':
    
     last_plot
    
    The following object is masked from 'package:stats':
    
     filter
    
    The following object is masked from 'package:graphics':
    
     layout
    
    Loading required package: forecast
    PhantomJS not found. You can install it with webshot::install_phantomjs(). If it is installed, please make sure the phantomjs executable can be found via the PATH variable.
    Warning in normalizePath(f2) :
     path[1]="webshot17f502de19e53.png": No such file or directory
    Warning in file(con, "rb") :
     cannot open file 'webshot17f502de19e53.png': No such file or directory
    Quitting from lines 99-117 (TSplotly.Rmd)
    Error: processing vignette 'TSplotly.Rmd' failed with diagnostics:
    cannot open the connection
    Execution halted
Flavor: r-oldrel-osx-x86_64