CRAN Package Check Results for Package TTAinterfaceTrendAnalysis

Last updated on 2021-04-14 09:49:13 CEST.

Flavor Version Tinstall Tcheck Ttotal Status Flags
r-devel-linux-x86_64-debian-clang 1.5.6 26.34 125.43 151.77 NOTE
r-devel-linux-x86_64-debian-gcc 1.5.6 20.06 95.89 115.95 NOTE
r-devel-linux-x86_64-fedora-clang 1.5.6 193.59 NOTE
r-devel-linux-x86_64-fedora-gcc 1.5.6 187.44 NOTE
r-devel-windows-ix86+x86_64 1.5.6 37.00 123.00 160.00 NOTE
r-devel-windows-x86_64-gcc10-UCRT 1.5.6 NOTE
r-patched-linux-x86_64 1.5.6 24.70 116.08 140.78 OK
r-patched-solaris-x86 1.5.6 254.50 OK
r-release-linux-x86_64 1.5.6 25.22 115.79 141.01 OK
r-release-macos-x86_64 1.5.6 OK
r-release-windows-ix86+x86_64 1.5.6 29.00 124.00 153.00 OK
r-oldrel-macos-x86_64 1.5.6 OK
r-oldrel-windows-ix86+x86_64 1.5.6 36.00 88.00 124.00 OK

Check Details

Version: 1.5.6
Check: LazyData
Result: NOTE
     'LazyData' is specified without a 'data' directory
Flavors: r-devel-linux-x86_64-debian-clang, r-devel-linux-x86_64-debian-gcc, r-devel-linux-x86_64-fedora-clang, r-devel-linux-x86_64-fedora-gcc, r-devel-windows-ix86+x86_64, r-devel-windows-x86_64-gcc10-UCRT