CRAN Package Check Results for Package TVMM

Last updated on 2024-02-28 04:16:39 CET.

Flavor Version Tinstall Tcheck Ttotal Status Flags
r-devel-linux-x86_64-debian-clang 3.2.1 20.45 140.76 161.21 NOTE
r-devel-linux-x86_64-debian-gcc 3.2.1 16.19 104.20 120.39 NOTE
r-devel-linux-x86_64-fedora-clang 3.2.1 202.89 NOTE
r-devel-linux-x86_64-fedora-gcc 3.2.1 169.11 NOTE
r-devel-windows-x86_64 3.2.1 14.00 97.00 111.00 NOTE
r-patched-linux-x86_64 3.2.1 17.40 123.50 140.90 NOTE
r-release-linux-x86_64 3.2.1 11.64 121.54 133.18 NOTE
r-release-macos-arm64 3.2.1 54.00 NOTE
r-release-macos-x86_64 3.2.1 94.00 NOTE
r-release-windows-x86_64 3.2.1 18.00 113.00 131.00 NOTE
r-oldrel-macos-arm64 3.2.1 93.00 NOTE
r-oldrel-windows-x86_64 3.2.1 19.00 420.00 439.00 NOTE

Check Details

Version: 3.2.1
Check: LazyData
Result: NOTE 'LazyData' is specified without a 'data' directory Flavors: r-devel-linux-x86_64-debian-clang, r-devel-linux-x86_64-debian-gcc, r-devel-linux-x86_64-fedora-clang, r-devel-linux-x86_64-fedora-gcc, r-devel-windows-x86_64, r-patched-linux-x86_64, r-release-linux-x86_64, r-release-macos-arm64, r-release-macos-x86_64, r-release-windows-x86_64, r-oldrel-macos-arm64, r-oldrel-windows-x86_64