CRAN Package Check Results for Package TVMM

Last updated on 2020-10-26 16:51:20 CET.

Flavor Version Tinstall Tcheck Ttotal Status Flags
r-devel-linux-x86_64-debian-clang 3.2 16.07 110.46 126.53 OK
r-devel-linux-x86_64-debian-gcc 3.2 13.55 81.87 95.42 OK
r-devel-linux-x86_64-fedora-clang 3.2 160.40 OK
r-devel-linux-x86_64-fedora-gcc 3.2 149.41 OK
r-devel-windows-ix86+x86_64 3.2 29.00 117.00 146.00 OK
r-patched-linux-x86_64 3.2 15.19 100.12 115.31 OK
r-patched-solaris-x86 3.2 210.00 OK
r-release-linux-x86_64 3.2 15.40 99.80 115.20 OK
r-release-macos-x86_64 3.2 OK
r-release-windows-ix86+x86_64 3.2 22.00 90.00 112.00 OK
r-oldrel-macos-x86_64 3.2 FAIL
r-oldrel-windows-ix86+x86_64 3.2 28.00 113.00 141.00 OK

Check Details

Version: 3.2
Check: whether package can be installed
Result: FAIL
Flavor: r-oldrel-macos-x86_64